{"id":1108,"date":"2018-07-10T15:31:02","date_gmt":"2018-07-10T18:31:02","guid":{"rendered":"http:\/\/www.encontrateresina.com\/sobre\/?page_id=1108"},"modified":"2019-05-04T15:33:42","modified_gmt":"2019-05-04T18:33:42","slug":"lar-de-maria-teresina","status":"publish","type":"page","link":"https:\/\/www.encontrateresina.com\/sobre\/lar-de-maria-teresina\/","title":{"rendered":"Lar de Maria Teresina"},"content":{"rendered":"<div class=\"0a7f0342045e68db0e2c8d55d9616140\" data-index=\"1\" style=\"float: left; margin: 15px 15px 15px 0;\">\n<!-- EBR \/Novo-Bairro-Topo\/ 300x250 -->\r\n<ins class=\"adsbygoogle\"\r\n     style=\"display:inline-block;width:300px;height:250px\"\r\n     data-ad-client=\"ca-pub-6414922941841817\"\r\n     data-ad-slot=\"5351822287\"><\/ins>\r\n<script>\r\n(adsbygoogle = window.adsbygoogle || []).push({});\r\n<\/script>\n<\/div>\n<p>A Casa de Apoio \u00e0 Crian\u00e7a com C\u00e2ncer \u2013 <strong>Lar de Maria<\/strong> foi inaugurada em junho de 2000. Nesta casa s\u00e3o amparadas crian\u00e7as portadoras de c\u00e2ncer, que se encontram em situa\u00e7\u00e3o de vulnerabilidade social, sempre acompanhadas por um respons\u00e1vel, provenientes do interior do Piau\u00ed e de outros estados, durante o tratamento oncol\u00f3gico em Teresina.<\/p>\n<p>O Lar de Maria oferece hospedagem, alimenta\u00e7\u00e3o, material de higiene pessoal, roupas, cal\u00e7ados, brinquedos, cestas de alimentos, aux\u00edlio para aquisi\u00e7\u00e3o de medicamentos, viabiliza o transporte dos pacientes por meio da compra de passagens, atividades s\u00f3cio-educativas e de lazer.<\/p>\n<p><img decoding=\"async\" loading=\"lazy\" class=\"alignnone wp-image-1110 size-full\" title=\"Lar de Maria Teresina\" src=\"http:\/\/www.encontrateresina.com\/sobre\/wp-content\/uploads\/2018\/07\/lar-de-maria-teresina.jpg\" alt=\"Lar de Maria Teresina\" width=\"680\" height=\"189\" srcset=\"https:\/\/www.encontrateresina.com\/sobre\/wp-content\/uploads\/2018\/07\/lar-de-maria-teresina.jpg 680w, https:\/\/www.encontrateresina.com\/sobre\/wp-content\/uploads\/2018\/07\/lar-de-maria-teresina-300x83.jpg 300w\" sizes=\"(max-width: 680px) 100vw, 680px\" \/><\/p>\n<p>Essa unidade de atendimento funciona como um ponto de apoio para o paciente em Teresina e ela representa um avan\u00e7o da Rede Feminina Estadual de Combate ao C\u00e2ncer do Piau\u00ed trazendo enormes benef\u00edcios a todos aqueles que dela necessitam durante o tratamento e contribuindo para a eleva\u00e7\u00e3o da auto-estima dos pacientes.<\/p>\n<p>A Rede Feminina Estadual de Combate ao C\u00e2ncer do Piau\u00ed desenvolve suas atividades contando com o apoio de volunt\u00e1rios e de funcion\u00e1rios. Estes, principalmente lotados na casa de apoio Lar de Maria, e tamb\u00e9m, no servi\u00e7o de telemarketing da entidade.<\/p>\n<p>Toda a manuten\u00e7\u00e3o destes projetos \u00e9 efetuada gra\u00e7as \u00e0s doa\u00e7\u00f5es captadas pelas volunt\u00e1rias e pelo telemarketing por meio de campanhas realizadas durante o ano inteiro.<\/p>\n<p><strong>MISS\u00c3O<\/strong><\/p>\n<ul>\n<li>Atuar com excel\u00eancia na preven\u00e7\u00e3o do c\u00e2ncer e assistir os pacientes e familiares.<\/li>\n<\/ul>\n<p><strong>OBJETIVOS<\/strong><\/p>\n<ul>\n<li>Divulga\u00e7\u00e3o de conhecimento sobre o c\u00e2ncer, especialmente visando a preven\u00e7\u00e3o da mol\u00e9stia.<\/li>\n<li>Assist\u00eancia ao doente em tratamento.<\/li>\n<li>Arrecada\u00e7\u00e3o de fundos em favor do doente oncol\u00f3gico.<\/li>\n<\/ul>\n<p><strong>VALORES<\/strong><\/p>\n<p>Credibilidade, organiza\u00e7\u00e3o, comprometimento e respeito \u00e0 pessoa.<\/p>\n<h2>Bazar Lar de Maria Teresina<\/h2>\n<p>Foi realizado o 1\u00b0 <em>Bazar do Lar de Maria<\/em>. Foram cerca de 50 mil produtos novos que est\u00e3o sendo vendidos com descontos que podem chegar a 50% em rela\u00e7\u00e3o ao valor original. Entre esses produtos est\u00e3o perfumes, roupas, eletr\u00f4nicos, artigos de higiene pessoal e muito mais. Todos eles apreendidos durante opera\u00e7\u00e3o de fiscaliza\u00e7\u00e3o da Receita Federal e doados ao Lar de Maria.<\/p>\n<h3>Lar de Maria Teresina Projetos<\/h3>\n<ul>\n<li>PROJETO ALERTAR<br \/>\nInforma e orienta atrav\u00e9s de palestras e campanhas educativas a sociedade em geral sobre a preven\u00e7\u00e3o do c\u00e2ncer.<\/li>\n<li>PROJETO ALIVIAR<br \/>\nDisponibiliza diariamente; medicamentos e exames diversos n\u00e3o subsidiados pelo SUS &#8211; Sistema \u00danico de Sa\u00fade, doutores da amizade e festividades comemorativas.<\/li>\n<li>PROJETO ABRIGAR<br \/>\nAcomoda, ap\u00f3ia e visita pacientes carentes em resid\u00eancias, pens\u00f5es e principalmente na Casa de Apoio \u00e0 Crian\u00e7a com C\u00e2ncer &#8211; Lar de Maria.<\/li>\n<li>PROJETO ALIMENTAR<br \/>\nDistribui diariamente leite em p\u00f3, cestas b\u00e1sicas e lanches aos pacientes em situa\u00e7\u00e3o de vulnerabilidade social, que est\u00e3o em tratamento quimioter\u00e1pico e radioter\u00e1pico.<\/li>\n<li>PROJETO APOIAR<br \/>\nOferece suporte aos pacientes transplantados, custeia reformas na moradia desses pacientes e os fornece alimenta\u00e7\u00e3o adequada.<\/li>\n<\/ul>\n<h3>Lar de Maria Teresina Facebook<\/h3>\n<p>A p\u00e1gina do Lar de Maria Teresina pode ser acessada pelo\u00a0<a href=\"https:\/\/www.facebook.com\/RFCCPI\/\" target=\"_blank\" rel=\"noopener\">\u00a0<em>facebook<\/em><\/a>.<\/p>\n<h3>Hor\u00e1rio de Funcionamento Lar de Maria Teresina<\/h3>\n<ul>\n<li>Diariamente das 8h \u00e0s 18h<\/li>\n<\/ul>\n<h3>Onde Fica, Endere\u00e7o e Telefone Lar de Maria Teresina<\/h3>\n<ul>\n<li>Av. S\u00e3o Raimundo, 1000 &#8211; Pi\u00e7arra, Teresina &#8211; PI<\/li>\n<li>Telefone: (86) 3215-9650<\/li>\n<\/ul>\n<h4>Outras informa\u00e7\u00f5es e site<\/h4>\n<ul>\n<li>Mais informa\u00e7\u00f5es: <a href=\"https:\/\/www.redefemininapi.org.br\/\" target=\"_blank\" rel=\"noopener\">www.redefemininapi.org.br\/<\/a><\/li>\n<li>CNPJ: 12.175.857\/0001-21<\/li>\n<\/ul>\n<h4>Mapa de localiza\u00e7\u00e3o<\/h4>\n<a class=\"wp-colorbox-iframe\" href=\"https:\/\/www.google.com\/maps\/embed?pb=!1m14!1m8!1m3!1d15896.152657225937!2d-42.793217!3d-5.097532!3m2!1i1024!2i768!4f13.1!3m3!1m2!1s0x00x6e87b52977e1c649!2sLar+de+Maria!5e0!3m2!1spt-BR!2sbr!4v1531243247688\"><img src=\"http:\/\/www.encontrabelohorizonte.com.br\/imgs\/maps-post.png\"><\/a>\n\n<div style=\"font-size: 0px; height: 0px; line-height: 0px; margin: 0; padding: 0; clear: both;\"><\/div>","protected":false},"excerpt":{"rendered":"<p>A Casa de Apoio \u00e0 Crian\u00e7a com C\u00e2ncer \u2013 Lar de Maria foi inaugurada em junho de 2000. Nesta casa s\u00e3o amparadas crian\u00e7as portadoras de c\u00e2ncer, que se encontram em situa\u00e7\u00e3o de vulnerabilidade social, sempre acompanhadas por um respons\u00e1vel, provenientes do interior do Piau\u00ed e de outros estados, durante o tratamento oncol\u00f3gico em Teresina. O Lar de Maria oferece hospedagem, alimenta\u00e7\u00e3o, material de higiene pessoal, roupas, cal\u00e7ados, brinquedos, cestas de alimentos, aux\u00edlio para aquisi\u00e7\u00e3o de medicamentos, viabiliza o transporte dos pacientes por meio da compra de passagens, atividades s\u00f3cio-educativas e de lazer. Essa unidade de atendimento funciona como um ponto <\/p>\n","protected":false},"author":1,"featured_media":0,"parent":0,"menu_order":0,"comment_status":"closed","ping_status":"closed","template":"","meta":[],"aioseo_notices":[],"_links":{"self":[{"href":"https:\/\/www.encontrateresina.com\/sobre\/wp-json\/wp\/v2\/pages\/1108"}],"collection":[{"href":"https:\/\/www.encontrateresina.com\/sobre\/wp-json\/wp\/v2\/pages"}],"about":[{"href":"https:\/\/www.encontrateresina.com\/sobre\/wp-json\/wp\/v2\/types\/page"}],"author":[{"embeddable":true,"href":"https:\/\/www.encontrateresina.com\/sobre\/wp-json\/wp\/v2\/users\/1"}],"replies":[{"embeddable":true,"href":"https:\/\/www.encontrateresina.com\/sobre\/wp-json\/wp\/v2\/comments?post=1108"}],"version-history":[{"count":0,"href":"https:\/\/www.encontrateresina.com\/sobre\/wp-json\/wp\/v2\/pages\/1108\/revisions"}],"wp:attachment":[{"href":"https:\/\/www.encontrateresina.com\/sobre\/wp-json\/wp\/v2\/media?parent=1108"}],"curies":[{"name":"wp","href":"https:\/\/api.w.org\/{rel}","templated":true}]}}