{"id":1156,"date":"2018-07-10T16:07:54","date_gmt":"2018-07-10T19:07:54","guid":{"rendered":"http:\/\/www.encontrateresina.com\/sobre\/?page_id=1156"},"modified":"2019-05-06T10:09:39","modified_gmt":"2019-05-06T13:09:39","slug":"semam-teresina","status":"publish","type":"page","link":"https:\/\/www.encontrateresina.com\/sobre\/semam-teresina\/","title":{"rendered":"SEMAM Teresina"},"content":{"rendered":"<div class=\"0a7f0342045e68db0e2c8d55d9616140\" data-index=\"1\" style=\"float: left; margin: 15px 15px 15px 0;\">\n<!-- EBR \/Novo-Bairro-Topo\/ 300x250 -->\r\n<ins class=\"adsbygoogle\"\r\n     style=\"display:inline-block;width:300px;height:250px\"\r\n     data-ad-client=\"ca-pub-6414922941841817\"\r\n     data-ad-slot=\"5351822287\"><\/ins>\r\n<script>\r\n(adsbygoogle = window.adsbygoogle || []).push({});\r\n<\/script>\n<\/div>\n<p>A Secretaria Municipal de Meio Ambiente e Recursos H\u00eddricos (<strong>SEMAM Teresina<\/strong>) foi criada em 14 de janeiro de 1993, atrav\u00e9s da Lei N\u00ba 2.184. Em 2001, a pasta foi extinta, dando lugar a Secretaria Municipal Extraordin\u00e1ria de Projetos Estruturantes (SEMPE).<\/p>\n<p>Seis anos ap\u00f3s ser extinta, a SEMAM \u00e9 reimplantada, conforme a Lei Complementar N\u00ba 3.616 de mar\u00e7o de 2007.<\/p>\n<p><img decoding=\"async\" loading=\"lazy\" class=\"alignnone wp-image-1158 size-full\" title=\"Semam Teresina\" src=\"http:\/\/www.encontrateresina.com\/sobre\/wp-content\/uploads\/2018\/07\/semam-teresina.jpg\" alt=\"Semam Teresina\" width=\"680\" height=\"189\" srcset=\"https:\/\/www.encontrateresina.com\/sobre\/wp-content\/uploads\/2018\/07\/semam-teresina.jpg 680w, https:\/\/www.encontrateresina.com\/sobre\/wp-content\/uploads\/2018\/07\/semam-teresina-300x83.jpg 300w\" sizes=\"(max-width: 680px) 100vw, 680px\" \/><\/p>\n<p>Objetivando descentralizar as a\u00e7\u00f5es da pasta, foram criadas as Ger\u00eancias de Meio Ambiente (GMAs), alocadas nas Superintend\u00eancias de Desenvolvimento Urbano (SDUs) de cada regi\u00e3o de Teresina \u2013 Sul, Centro\/Norte, Leste e Sudeste.<\/p>\n<p>Em 2017, a Secretaria altera sua estrutura organizacional e centraliza as GMAs no pr\u00e9dio do \u00f3rg\u00e3o, ficando apenas uma Ger\u00eancia de Meio Ambiente para melhor exercer o trabalho de monitoramento, fiscaliza\u00e7\u00e3o e licenciamento ambiental.<\/p>\n<p>MISS\u00c3O<\/p>\n<p>Promover o uso sustent\u00e1vel dos bens e recursos naturais para a atual e futuras gera\u00e7\u00f5es de Teresina, exercendo a\u00e7\u00f5es de prote\u00e7\u00e3o \u00e0 natureza, no que concerne sua conserva\u00e7\u00e3o e preserva\u00e7\u00e3o.<\/p>\n<p>OBJETIVO<\/p>\n<ul>\n<li>Formular, implementar e avaliar a pol\u00edtica ambiental e de recursos h\u00eddricos do munic\u00edpio;<\/li>\n<li>Exercer o controle sobre atividades desenvolvidas por empresas, \u00f3rg\u00e3os p\u00fablicos, outros tipos de organiza\u00e7\u00f5es<\/li>\n<li>e pela popula\u00e7\u00e3o, que possam vir comprometer a sustentabilidade do meio ambiente e dos recursos naturais;<\/li>\n<li>Conscientizar as empresas, \u00f3rg\u00e3os p\u00fablicos e institui\u00e7\u00f5es de ensino, outras organiza\u00e7\u00f5es e a popula\u00e7\u00e3o, da<\/li>\n<li>necessidade de conserva\u00e7\u00e3o e preserva\u00e7\u00e3o do meio ambiente e dos recursos h\u00eddricos de superf\u00edcie e do subsolo.<\/li>\n<\/ul>\n<h2>Concurso SEMAM Teresina<\/h2>\n<p>Para informa\u00e7\u00f5es sobre <em>concursos<\/em> e editais, acesse o site.<\/p>\n<h3>SEMAM Teresina Parques Ambientais<\/h3>\n<p>Para quem gosta de passeios em contato com a natureza, a Prefeitura de Teresina vai manter o funcionamento normal dos parques ambientais, como forma de oferecer mais op\u00e7\u00f5es para a popula\u00e7\u00e3o. O Parque da Cidadania, Encontro dos Rios e Parque da Cidade s\u00e3o exemplos de espa\u00e7os que estar\u00e3o abertos.<\/p>\n<p>O Parque da Cidadania (antiga Esta\u00e7\u00e3o Ferrovi\u00e1ria de Teresina), situado no cruzamento das avenidas Frei Serafim com Miguel Rosa, ficar\u00e1 aberto no hor\u00e1rio habitual, das 5h30 \u00e0s 10h e das 16h \u00e0s 21h30. Al\u00e9m de aproveitar o local para momentos de socializa\u00e7\u00e3o e pr\u00e1ticas esportivas, os visitantes podem conhecer mais sobre a cultura local atrav\u00e9s da Galeria de Arte Santeira, que re\u00fane pe\u00e7as entalhadas em madeira por grandes artes\u00e3os da cidade.<\/p>\n<p>O <span style=\"text-decoration: underline;\">Parque Ambiental Encontro dos Rios<\/span>, um dos cart\u00f5es postais, localizado no bairro Poti Velho, tamb\u00e9m funcionar\u00e1 normalmente, das 9h \u00e0s 19h. O parque conta com quiosques de comercializa\u00e7\u00e3o e divulga\u00e7\u00e3o do artesanato local, trilha ecol\u00f3gica, playground e um restaurante<\/p>\n<p>Outra op\u00e7\u00e3o de \u00e1rea verde dispon\u00edvel para o teresinense \u00e9 o Parque da Cidade, localizado no bairro Primavera, que tamb\u00e9m estar\u00e1 aberto \u00e0 popula\u00e7\u00e3o, das 6h \u00e0s 19 h. O espa\u00e7o possui uma \u00e1rea de 17 hectares, onde s\u00e3o incorporadas fun\u00e7\u00f5es de lazer, esporte e recrea\u00e7\u00e3o, por exemplo.<\/p>\n<p>Para quem deseja utilizar algum desses parques ambientais para realizar eventos e outras atividades, basta fazer uma solicita\u00e7\u00e3o, com anteced\u00eancia, junto \u00e0 Secretaria Municipal de Meio Ambiente e Recursos H\u00eddricos (SEMAM), que fica situada na Avenida Duque de Caxias, 3520, bairro Primavera (Parque da Cidade).<\/p>\n<h3>Hor\u00e1rio de Funcionamento SEMAM Teresina<\/h3>\n<ul>\n<li>Segunda a sexta das 7h30 \u00e1s 13h30<\/li>\n<\/ul>\n<h3>Onde Fica, Endere\u00e7o e Telefone SEMAM Teresina<\/h3>\n<ul>\n<li>R. Projetada, 201-225 &#8211; Teresina &#8211; PI<\/li>\n<li>Telefone: (86) 3225-5925<\/li>\n<\/ul>\n<h4>Outras informa\u00e7\u00f5es e site<\/h4>\n<ul>\n<li>Mais informa\u00e7\u00f5es: <a href=\"http:\/\/semam.teresina.pi.gov.br\/\" target=\"_blank\" rel=\"noopener noreferrer\">www.semam.teresina.pi.gov.br<\/a><\/li>\n<\/ul>\n<h4>Mapa de localiza\u00e7\u00e3o<\/h4>\n<a class=\"wp-colorbox-iframe\" href=\"https:\/\/www.google.com\/maps\/embed?pb=!1m14!1m8!1m3!1d15897.197080715756!2d-42.8122259!3d-5.0551554!3m2!1i1024!2i768!4f13.1!3m3!1m2!1s0x00x165dc85c17d94232!2sSEMAM+TERESINA!5e0!3m2!1spt-BR!2sbr!4v1531232733300\"><img src=\"http:\/\/www.encontrabelohorizonte.com.br\/imgs\/maps-post.png\"><\/a>\n\n<div style=\"font-size: 0px; height: 0px; line-height: 0px; margin: 0; padding: 0; clear: both;\"><\/div>","protected":false},"excerpt":{"rendered":"<p>A Secretaria Municipal de Meio Ambiente e Recursos H\u00eddricos (SEMAM Teresina) foi criada em 14 de janeiro de 1993, atrav\u00e9s da Lei N\u00ba 2.184. Em 2001, a pasta foi extinta, dando lugar a Secretaria Municipal Extraordin\u00e1ria de Projetos Estruturantes (SEMPE). Seis anos ap\u00f3s ser extinta, a SEMAM \u00e9 reimplantada, conforme a Lei Complementar N\u00ba 3.616 de mar\u00e7o de 2007. Objetivando descentralizar as a\u00e7\u00f5es da pasta, foram criadas as Ger\u00eancias de Meio Ambiente (GMAs), alocadas nas Superintend\u00eancias de Desenvolvimento Urbano (SDUs) de cada regi\u00e3o de Teresina \u2013 Sul, Centro\/Norte, Leste e Sudeste. Em 2017, a Secretaria altera sua estrutura organizacional e <\/p>\n","protected":false},"author":1,"featured_media":0,"parent":0,"menu_order":0,"comment_status":"closed","ping_status":"closed","template":"","meta":[],"aioseo_notices":[],"_links":{"self":[{"href":"https:\/\/www.encontrateresina.com\/sobre\/wp-json\/wp\/v2\/pages\/1156"}],"collection":[{"href":"https:\/\/www.encontrateresina.com\/sobre\/wp-json\/wp\/v2\/pages"}],"about":[{"href":"https:\/\/www.encontrateresina.com\/sobre\/wp-json\/wp\/v2\/types\/page"}],"author":[{"embeddable":true,"href":"https:\/\/www.encontrateresina.com\/sobre\/wp-json\/wp\/v2\/users\/1"}],"replies":[{"embeddable":true,"href":"https:\/\/www.encontrateresina.com\/sobre\/wp-json\/wp\/v2\/comments?post=1156"}],"version-history":[{"count":0,"href":"https:\/\/www.encontrateresina.com\/sobre\/wp-json\/wp\/v2\/pages\/1156\/revisions"}],"wp:attachment":[{"href":"https:\/\/www.encontrateresina.com\/sobre\/wp-json\/wp\/v2\/media?parent=1156"}],"curies":[{"name":"wp","href":"https:\/\/api.w.org\/{rel}","templated":true}]}}