{"id":1203,"date":"2018-07-11T15:35:52","date_gmt":"2018-07-11T18:35:52","guid":{"rendered":"http:\/\/www.encontrateresina.com\/sobre\/?page_id=1203"},"modified":"2019-05-06T11:40:09","modified_gmt":"2019-05-06T14:40:09","slug":"fundacao-hospitalar-de-teresina","status":"publish","type":"page","link":"https:\/\/www.encontrateresina.com\/sobre\/fundacao-hospitalar-de-teresina\/","title":{"rendered":"Funda\u00e7\u00e3o Hospitalar de Teresina"},"content":{"rendered":"<div class=\"0a7f0342045e68db0e2c8d55d9616140\" data-index=\"1\" style=\"float: left; margin: 15px 15px 15px 0;\">\n<!-- EBR \/Novo-Bairro-Topo\/ 300x250 -->\r\n<ins class=\"adsbygoogle\"\r\n     style=\"display:inline-block;width:300px;height:250px\"\r\n     data-ad-client=\"ca-pub-6414922941841817\"\r\n     data-ad-slot=\"5351822287\"><\/ins>\r\n<script>\r\n(adsbygoogle = window.adsbygoogle || []).push({});\r\n<\/script>\n<\/div>\n<p>A <strong>Funda\u00e7\u00e3o Hospitalar de Teresina<\/strong> inicialmente era vinculada \u00e0 antiga Secretaria de Sa\u00fade e Bem-estar Social, mas hoje \u00e9 considerada um \u00f3rg\u00e3o de administra\u00e7\u00e3o indireta, ou seja, possui autonomia administrativa e financeira.<\/p>\n<p>A FMS tem por objetivo o planejamento e a execu\u00e7\u00e3o da pol\u00edtica de sa\u00fade do Munic\u00edpio de Teresina, desenvolvendo atividades integradas de preven\u00e7\u00e3o, prote\u00e7\u00e3o, promo\u00e7\u00e3o e recupera\u00e7\u00e3o da sa\u00fade.<\/p>\n<p><img decoding=\"async\" loading=\"lazy\" class=\"alignnone wp-image-1205 size-full\" title=\"Funda\u00e7\u00e3o Hospitalar de Teresina\" src=\"http:\/\/www.encontrateresina.com\/sobre\/wp-content\/uploads\/2018\/07\/fundacao-hospitalar-de-teresina.jpg\" alt=\"Funda\u00e7\u00e3o Hospitalar de Teresina\" width=\"680\" height=\"189\" srcset=\"https:\/\/www.encontrateresina.com\/sobre\/wp-content\/uploads\/2018\/07\/fundacao-hospitalar-de-teresina.jpg 680w, https:\/\/www.encontrateresina.com\/sobre\/wp-content\/uploads\/2018\/07\/fundacao-hospitalar-de-teresina-300x83.jpg 300w\" sizes=\"(max-width: 680px) 100vw, 680px\" \/><\/p>\n<h2>Funda\u00e7\u00e3o Hospitalar de Teresina Concurso<\/h2>\n<p>O ingresso na Funda\u00e7\u00e3o Hospitalar de Teresina \u00e9 por meio de <em>Concurso P\u00fablico<\/em> acesse o site para mais informa\u00e7\u00f5es.<\/p>\n<h3>Hor\u00e1rio de Funcionamento Funda\u00e7\u00e3o Hospitalar de Teresina<\/h3>\n<ul>\n<li>Segunda a sexta das 7h \u00e0s 17h<\/li>\n<\/ul>\n<h3>Onde Fica, Endere\u00e7o e Telefone Funda\u00e7\u00e3o Hospitalar de Teresina<\/h3>\n<ul>\n<li>R. Des. Freitas, 1599 &#8211; Centro (Sul), Teresina &#8211; PI<\/li>\n<li>Telefone: (86) 3194-6750<\/li>\n<\/ul>\n<h4>Outras informa\u00e7\u00f5es e site<\/h4>\n<ul>\n<li>Mais informa\u00e7\u00f5es: <a href=\"https:\/\/www.facebook.com\/pages\/Funda%C3%A7%C3%A3o-Hospitalar-De-Teresina-Fht\/276062085921149\" target=\"_blank\" rel=\"noopener\">www.facebook.com\/pages\/Funda\u00e7\u00e3o-Hospitalar-De-Teresina<\/a><\/li>\n<li>CNPJ: 17.577.205\/0001-37.<\/li>\n<\/ul>\n<h4>Mapa de localiza\u00e7\u00e3o<\/h4>\n<a class=\"wp-colorbox-iframe\" href=\"https:\/\/www.google.com\/maps\/embed?pb=!1m14!1m8!1m3!1d15896.451338948744!2d-42.813085!3d-5.0854492!3m2!1i1024!2i768!4f13.1!3m3!1m2!1s0x00x766d1fbeee6ca6f1!2sFundao+Hospitalar+De+Teresina!5e0!3m2!1spt-BR!2sbr!4v1531321727011\"><img src=\"http:\/\/www.encontrabelohorizonte.com.br\/imgs\/maps-post.png\"><\/a>\n\n<div style=\"font-size: 0px; height: 0px; line-height: 0px; margin: 0; padding: 0; clear: both;\"><\/div>","protected":false},"excerpt":{"rendered":"<p>A Funda\u00e7\u00e3o Hospitalar de Teresina inicialmente era vinculada \u00e0 antiga Secretaria de Sa\u00fade e Bem-estar Social, mas hoje \u00e9 considerada um \u00f3rg\u00e3o de administra\u00e7\u00e3o indireta, ou seja, possui autonomia administrativa e financeira. A FMS tem por objetivo o planejamento e a execu\u00e7\u00e3o da pol\u00edtica de sa\u00fade do Munic\u00edpio de Teresina, desenvolvendo atividades integradas de preven\u00e7\u00e3o, prote\u00e7\u00e3o, promo\u00e7\u00e3o e recupera\u00e7\u00e3o da sa\u00fade. Funda\u00e7\u00e3o Hospitalar de Teresina Concurso O ingresso na Funda\u00e7\u00e3o Hospitalar de Teresina \u00e9 por meio de Concurso P\u00fablico acesse o site para mais informa\u00e7\u00f5es. Hor\u00e1rio de Funcionamento Funda\u00e7\u00e3o Hospitalar de Teresina Segunda a sexta das 7h \u00e0s 17h Onde <\/p>\n","protected":false},"author":1,"featured_media":0,"parent":0,"menu_order":0,"comment_status":"closed","ping_status":"closed","template":"","meta":[],"aioseo_notices":[],"_links":{"self":[{"href":"https:\/\/www.encontrateresina.com\/sobre\/wp-json\/wp\/v2\/pages\/1203"}],"collection":[{"href":"https:\/\/www.encontrateresina.com\/sobre\/wp-json\/wp\/v2\/pages"}],"about":[{"href":"https:\/\/www.encontrateresina.com\/sobre\/wp-json\/wp\/v2\/types\/page"}],"author":[{"embeddable":true,"href":"https:\/\/www.encontrateresina.com\/sobre\/wp-json\/wp\/v2\/users\/1"}],"replies":[{"embeddable":true,"href":"https:\/\/www.encontrateresina.com\/sobre\/wp-json\/wp\/v2\/comments?post=1203"}],"version-history":[{"count":0,"href":"https:\/\/www.encontrateresina.com\/sobre\/wp-json\/wp\/v2\/pages\/1203\/revisions"}],"wp:attachment":[{"href":"https:\/\/www.encontrateresina.com\/sobre\/wp-json\/wp\/v2\/media?parent=1203"}],"curies":[{"name":"wp","href":"https:\/\/api.w.org\/{rel}","templated":true}]}}