{"id":1209,"date":"2018-07-11T15:44:42","date_gmt":"2018-07-11T18:44:42","guid":{"rendered":"http:\/\/www.encontrateresina.com\/sobre\/?page_id=1209"},"modified":"2019-05-06T12:29:25","modified_gmt":"2019-05-06T15:29:25","slug":"semplan-teresina","status":"publish","type":"page","link":"https:\/\/www.encontrateresina.com\/sobre\/semplan-teresina\/","title":{"rendered":"SEMPLAN Teresina"},"content":{"rendered":"<div class=\"0a7f0342045e68db0e2c8d55d9616140\" data-index=\"1\" style=\"float: left; margin: 15px 15px 15px 0;\">\n<!-- EBR \/Novo-Bairro-Topo\/ 300x250 -->\r\n<ins class=\"adsbygoogle\"\r\n     style=\"display:inline-block;width:300px;height:250px\"\r\n     data-ad-client=\"ca-pub-6414922941841817\"\r\n     data-ad-slot=\"5351822287\"><\/ins>\r\n<script>\r\n(adsbygoogle = window.adsbygoogle || []).push({});\r\n<\/script>\n<\/div>\n<p>Como um \u00f3rg\u00e3o vinculado \u00e0 Prefeitura de Teresina, a <strong>SEMPLAN Teresina<\/strong> \u2013 Secretaria de Planejamento e Coordena\u00e7\u00e3o- tem como Miss\u00e3o contribuir para que a Grande Teresina seja uma regi\u00e3o pr\u00f3spera, ambientalmente sustent\u00e1vel e socialmente justa.<\/p>\n<p>O neg\u00f3cio da SEMPLAN Teresina \u00e9 o planejamento p\u00fablico com foco no desenvolvimento sustent\u00e1vel e na excel\u00eancia da gest\u00e3o p\u00fablica municipal.<\/p>\n<p><img decoding=\"async\" loading=\"lazy\" class=\"alignnone wp-image-1211 size-full\" title=\"Semplan Teresina\" src=\"http:\/\/www.encontrateresina.com\/sobre\/wp-content\/uploads\/2018\/07\/semplan-teresina.jpg\" alt=\"Semplan Teresina\" width=\"680\" height=\"189\" srcset=\"https:\/\/www.encontrateresina.com\/sobre\/wp-content\/uploads\/2018\/07\/semplan-teresina.jpg 680w, https:\/\/www.encontrateresina.com\/sobre\/wp-content\/uploads\/2018\/07\/semplan-teresina-300x83.jpg 300w\" sizes=\"(max-width: 680px) 100vw, 680px\" \/><\/p>\n<h2>SEMPLAN Teresina C\u00f3digo de Obras<\/h2>\n<p>O <em>C\u00f3digo de Obras<\/em> \u00e9 um instrumento b\u00e1sico que permite \u00e0 Administra\u00e7\u00e3o Municipal exercer adequadamente o controle e a fiscaliza\u00e7\u00e3o do espa\u00e7o constru\u00eddo.<\/p>\n<p>Os novos conceitos do <em>C\u00f3digo de Obras<\/em> est\u00e3o incorporado artigos que visam assegurar conforto ambiental, conserva\u00e7\u00e3o de energia, acessibilidade as pessoas com defici\u00eancia ou mobilidade reduzida com objetivo de assegurar uma melhor qualidade de vida para a popula\u00e7\u00e3o tanto da \u00e1rea urbana como da \u00e1rea rural do munic\u00edpio.<\/p>\n<p>O <em>C\u00f3digo de Obras<\/em> estabelece normas t\u00e9cnicas para todo tipo de constru\u00e7\u00e3o, definindo tamb\u00e9m, os procedimentos de aprova\u00e7\u00e3o de projeto e licen\u00e7as para execu\u00e7\u00e3o de obras, bem como os par\u00e2metros para fiscaliza\u00e7\u00e3o do andamento da obra e aplica\u00e7\u00e3o de penalidades.<\/p>\n<p>O <em>C\u00f3digo de Obras<\/em> orienta observar al\u00e9m da legisla\u00e7\u00e3o urban\u00edstica municipal, tamb\u00e9m as normas existentes em distintos n\u00edveis de governo referentes a constru\u00e7\u00e3o civil.<\/p>\n<h3>SEMPLANMapas de Teresina<\/h3>\n<p>Para ter acesso aos <em>mapas interativos<\/em> de Teresina acesse o <a href=\"http:\/\/semplan.teresina.pi.gov.br\/mapas-interativos\/\" target=\"_blank\" rel=\"noopener\">link<\/a><\/p>\n<h3>SEMPLAN Teresina Saneamento<\/h3>\n<p>O <em>Plano Municipal de Saneamento B\u00e1sico (PMSB)<\/em> tem como objetivo a universaliza\u00e7\u00e3o do servi\u00e7o p\u00fablico de saneamento b\u00e1sico, com servi\u00e7os e produtos de qualidade. Ele abrange os servi\u00e7os de abastecimento de \u00e1gua pot\u00e1vel e esgotamento sanit\u00e1rio, a limpeza urbana e manejo de res\u00edduos s\u00f3lidos e a drenagem e manejo das \u00e1guas pluviais, apresentado para discuss\u00e3o e aprova\u00e7\u00e3o pelo Munic\u00edpio.<\/p>\n<p>Entre os objetivos espec\u00edficos do <em>Programa Municipal de Saneamento B\u00e1sico<\/em> est\u00e3o o est\u00edmulo \u00e0 ado\u00e7\u00e3o de alternativas de melhorias nos servi\u00e7os de saneamento, de acordo com a realidade local, o planejamento da amplia\u00e7\u00e3o progressiva do acesso dos cidad\u00e3os e localidades de baixa renda a estes servi\u00e7os, propostas de a\u00e7\u00f5es que visem redu\u00e7\u00e3o, reutiliza\u00e7\u00e3o, reciclagem e destina\u00e7\u00e3o final adequada dos res\u00edduos e busca de mecanismos que visem \u00e0 sustentabilidade dos servi\u00e7os de drenagem e manejo das \u00e1guas pluviais.<\/p>\n<h3>Onde Fica, Endere\u00e7o e Telefone SEMPLAN Teresina<\/h3>\n<ul>\n<li>Pc Mal Deodoro, 860 &#8211; Centro (Sul), Teresina &#8211; PI<\/li>\n<li>Telefone: (86) 3215-7510<\/li>\n<\/ul>\n<h4>Outras informa\u00e7\u00f5es e site<\/h4>\n<ul>\n<li>Mais informa\u00e7\u00f5es: <a href=\"http:\/\/www.semplan.teresina.pi.gov.br\" target=\"_blank\" rel=\"noopener\">www.semplan.teresina.pi.gov.br<\/a><\/li>\n<li>CNPJ: 10.944.409\/0001-45<\/li>\n<\/ul>\n<h4>Mapa de localiza\u00e7\u00e3o<\/h4>\n<a class=\"wp-colorbox-iframe\" href=\"https:\/\/www.google.com\/maps\/embed?pb=!1m14!1m8!1m3!1d15896.325355321063!2d-42.8167061!3d-5.0905492!3m2!1i1024!2i768!4f13.1!3m3!1m2!1s0x00xfbf0ace860571b61!2sPrefeitura+Municipal+de+Teresina+Secretaria+Municipal+Extraordinria+de+Projetos+Estruturantes+Geral!5e0!3m2!1spt-BR!2sbr!4v1531315542924\"><img src=\"http:\/\/www.encontrabelohorizonte.com.br\/imgs\/maps-post.png\"><\/a>\n\n<div style=\"font-size: 0px; height: 0px; line-height: 0px; margin: 0; padding: 0; clear: both;\"><\/div>","protected":false},"excerpt":{"rendered":"<p>Como um \u00f3rg\u00e3o vinculado \u00e0 Prefeitura de Teresina, a SEMPLAN Teresina \u2013 Secretaria de Planejamento e Coordena\u00e7\u00e3o- tem como Miss\u00e3o contribuir para que a Grande Teresina seja uma regi\u00e3o pr\u00f3spera, ambientalmente sustent\u00e1vel e socialmente justa. O neg\u00f3cio da SEMPLAN Teresina \u00e9 o planejamento p\u00fablico com foco no desenvolvimento sustent\u00e1vel e na excel\u00eancia da gest\u00e3o p\u00fablica municipal. SEMPLAN Teresina C\u00f3digo de Obras O C\u00f3digo de Obras \u00e9 um instrumento b\u00e1sico que permite \u00e0 Administra\u00e7\u00e3o Municipal exercer adequadamente o controle e a fiscaliza\u00e7\u00e3o do espa\u00e7o constru\u00eddo. Os novos conceitos do C\u00f3digo de Obras est\u00e3o incorporado artigos que visam assegurar conforto ambiental, conserva\u00e7\u00e3o <\/p>\n","protected":false},"author":1,"featured_media":0,"parent":0,"menu_order":0,"comment_status":"closed","ping_status":"closed","template":"","meta":[],"aioseo_notices":[],"_links":{"self":[{"href":"https:\/\/www.encontrateresina.com\/sobre\/wp-json\/wp\/v2\/pages\/1209"}],"collection":[{"href":"https:\/\/www.encontrateresina.com\/sobre\/wp-json\/wp\/v2\/pages"}],"about":[{"href":"https:\/\/www.encontrateresina.com\/sobre\/wp-json\/wp\/v2\/types\/page"}],"author":[{"embeddable":true,"href":"https:\/\/www.encontrateresina.com\/sobre\/wp-json\/wp\/v2\/users\/1"}],"replies":[{"embeddable":true,"href":"https:\/\/www.encontrateresina.com\/sobre\/wp-json\/wp\/v2\/comments?post=1209"}],"version-history":[{"count":0,"href":"https:\/\/www.encontrateresina.com\/sobre\/wp-json\/wp\/v2\/pages\/1209\/revisions"}],"wp:attachment":[{"href":"https:\/\/www.encontrateresina.com\/sobre\/wp-json\/wp\/v2\/media?parent=1209"}],"curies":[{"name":"wp","href":"https:\/\/api.w.org\/{rel}","templated":true}]}}