{"id":1251,"date":"2018-07-11T16:35:00","date_gmt":"2018-07-11T19:35:00","guid":{"rendered":"http:\/\/www.encontrateresina.com\/sobre\/?page_id=1251"},"modified":"2019-05-06T13:31:13","modified_gmt":"2019-05-06T16:31:13","slug":"sema-teresina","status":"publish","type":"page","link":"https:\/\/www.encontrateresina.com\/sobre\/sema-teresina\/","title":{"rendered":"SEMA Teresina"},"content":{"rendered":"<div class=\"0a7f0342045e68db0e2c8d55d9616140\" data-index=\"1\" style=\"float: left; margin: 15px 15px 15px 0;\">\n<!-- EBR \/Novo-Bairro-Topo\/ 300x250 -->\r\n<ins class=\"adsbygoogle\"\r\n     style=\"display:inline-block;width:300px;height:250px\"\r\n     data-ad-client=\"ca-pub-6414922941841817\"\r\n     data-ad-slot=\"5351822287\"><\/ins>\r\n<script>\r\n(adsbygoogle = window.adsbygoogle || []).push({});\r\n<\/script>\n<\/div>\n<p>A<strong> SEMA\u00a0Teresina<\/strong> tem a miss\u00e3o de formular e executar as pol\u00edticas e diretrizes nas \u00e1reas de recursos humanos, moderniza\u00e7\u00e3o administrativa, patrim\u00f4nio, controle de gest\u00e3o (contratos administrativos), licita\u00e7\u00f5es e acervo arquiv\u00edstico.<\/p>\n<p>Criar novos cargos de t\u00e9cnico de n\u00edvel superior e assistente t\u00e9cnico administrativo na Administra\u00e7\u00e3o Direta. Promover oficinas e cursos para qualifica\u00e7\u00e3o e valoriza\u00e7\u00e3o dos servidores.<\/p>\n<p><img decoding=\"async\" loading=\"lazy\" class=\"alignnone wp-image-1253 size-full\" title=\"Sema Teresina\" src=\"http:\/\/www.encontrateresina.com\/sobre\/wp-content\/uploads\/2018\/07\/sema-teresina.jpg\" alt=\"Sema Teresina\" width=\"680\" height=\"189\" srcset=\"https:\/\/www.encontrateresina.com\/sobre\/wp-content\/uploads\/2018\/07\/sema-teresina.jpg 680w, https:\/\/www.encontrateresina.com\/sobre\/wp-content\/uploads\/2018\/07\/sema-teresina-300x83.jpg 300w\" sizes=\"(max-width: 680px) 100vw, 680px\" \/><\/p>\n<h2>SEMA Teresina Contracheque<\/h2>\n<p>Voc\u00ea pode acessar o<em> contracheque<\/em> on line pelo <a href=\"http:\/\/contracheque.teresina.pi.gov.br\/contracheque\/\" target=\"_blank\" rel=\"noopener\">link.<\/a><\/p>\n<h3>SEMA Teresina Facebook<\/h3>\n<p>Visite a Sema no <a href=\"https:\/\/www.facebook.com\/semathe\/\" target=\"_blank\" rel=\"noopener\">Facebook<\/a>.<\/p>\n<h3>SEMA Teresina Protocolo<\/h3>\n<p>Para acessar <span style=\"text-decoration: underline;\">protocolos<\/span> e processos acesse o<a href=\"http:\/\/protocolo.teresina.pi.gov.br\/consulta_dados.php\" target=\"_blank\" rel=\"noopener\"> link<\/a>.<\/p>\n<h3>Hor\u00e1rio de Funcionamento SEMA Teresina<\/h3>\n<ul>\n<li>Segunda a sexta das 7h \u00e1s 13h30<\/li>\n<\/ul>\n<h3>Onde Fica, Endere\u00e7o e Telefone SEMA Teresina<\/h3>\n<ul>\n<li>R. Firmino P\u00edres, 121 &#8211; Centro (Sul) &#8211; Teresina &#8211; PI<\/li>\n<li>Telefone: (86) 3215-7610<\/li>\n<\/ul>\n<h4>Outras informa\u00e7\u00f5es e site<\/h4>\n<ul>\n<li>Mais informa\u00e7\u00f5es: <a href=\"http:\/\/sema.teresina.pi.gov.br\/\" target=\"_blank\" rel=\"noopener noreferrer\">www.sema.teresina.pi.gov.br<\/a><\/li>\n<\/ul>\n<h4>Mapa de localiza\u00e7\u00e3o<\/h4>\n<a class=\"wp-colorbox-iframe\" href=\"https:\/\/www.google.com\/maps\/embed?pb=!1m14!1m8!1m3!1d15896.288549288327!2d-42.8167425!3d-5.0920382!3m2!1i1024!2i768!4f13.1!3m3!1m2!1s0x00x9f68d1db2c0415!2sSEMA+-+Secretaria+Municipal+de+Administrao+e+Recursos+Humanos!5e0!3m2!1spt-BR!2sbr!4v1531315991114\"><img src=\"http:\/\/www.encontrabelohorizonte.com.br\/imgs\/maps-post.png\"><\/a>\n\n<div style=\"font-size: 0px; height: 0px; line-height: 0px; margin: 0; padding: 0; clear: both;\"><\/div>","protected":false},"excerpt":{"rendered":"<p>A SEMA\u00a0Teresina tem a miss\u00e3o de formular e executar as pol\u00edticas e diretrizes nas \u00e1reas de recursos humanos, moderniza\u00e7\u00e3o administrativa, patrim\u00f4nio, controle de gest\u00e3o (contratos administrativos), licita\u00e7\u00f5es e acervo arquiv\u00edstico. Criar novos cargos de t\u00e9cnico de n\u00edvel superior e assistente t\u00e9cnico administrativo na Administra\u00e7\u00e3o Direta. Promover oficinas e cursos para qualifica\u00e7\u00e3o e valoriza\u00e7\u00e3o dos servidores. SEMA Teresina Contracheque Voc\u00ea pode acessar o contracheque on line pelo link. SEMA Teresina Facebook Visite a Sema no Facebook. SEMA Teresina Protocolo Para acessar protocolos e processos acesse o link. Hor\u00e1rio de Funcionamento SEMA Teresina Segunda a sexta das 7h \u00e1s 13h30 Onde Fica, <\/p>\n","protected":false},"author":1,"featured_media":0,"parent":0,"menu_order":0,"comment_status":"closed","ping_status":"closed","template":"","meta":[],"aioseo_notices":[],"_links":{"self":[{"href":"https:\/\/www.encontrateresina.com\/sobre\/wp-json\/wp\/v2\/pages\/1251"}],"collection":[{"href":"https:\/\/www.encontrateresina.com\/sobre\/wp-json\/wp\/v2\/pages"}],"about":[{"href":"https:\/\/www.encontrateresina.com\/sobre\/wp-json\/wp\/v2\/types\/page"}],"author":[{"embeddable":true,"href":"https:\/\/www.encontrateresina.com\/sobre\/wp-json\/wp\/v2\/users\/1"}],"replies":[{"embeddable":true,"href":"https:\/\/www.encontrateresina.com\/sobre\/wp-json\/wp\/v2\/comments?post=1251"}],"version-history":[{"count":0,"href":"https:\/\/www.encontrateresina.com\/sobre\/wp-json\/wp\/v2\/pages\/1251\/revisions"}],"wp:attachment":[{"href":"https:\/\/www.encontrateresina.com\/sobre\/wp-json\/wp\/v2\/media?parent=1251"}],"curies":[{"name":"wp","href":"https:\/\/api.w.org\/{rel}","templated":true}]}}