{"id":1398,"date":"2018-07-25T22:04:19","date_gmt":"2018-07-26T01:04:19","guid":{"rendered":"http:\/\/www.encontrateresina.com\/sobre\/?page_id=1398"},"modified":"2019-05-07T16:21:35","modified_gmt":"2019-05-07T19:21:35","slug":"oab-teresina","status":"publish","type":"page","link":"https:\/\/www.encontrateresina.com\/sobre\/oab-teresina\/","title":{"rendered":"OAB Teresina"},"content":{"rendered":"<div class=\"0a7f0342045e68db0e2c8d55d9616140\" data-index=\"1\" style=\"float: left; margin: 15px 15px 15px 0;\">\n<!-- EBR \/Novo-Bairro-Topo\/ 300x250 -->\r\n<ins class=\"adsbygoogle\"\r\n     style=\"display:inline-block;width:300px;height:250px\"\r\n     data-ad-client=\"ca-pub-6414922941841817\"\r\n     data-ad-slot=\"5351822287\"><\/ins>\r\n<script>\r\n(adsbygoogle = window.adsbygoogle || []).push({});\r\n<\/script>\n<\/div>\n<p>A sigla OAB significa Ordem dos Advogados do Brasil (<strong>OAB Teresina<\/strong>) \u00e9 um dos \u00f3rg\u00e3os dotada de personalidade jur\u00eddica e forma federativa, tendo por finalidade:<\/p>\n<p>I &#8211; defender a Constitui\u00e7\u00e3o, a ordem jur\u00eddica do Estado democr\u00e1tico de direito, os direitos humanos, a justi\u00e7a social, e pugnar pela boa aplica\u00e7\u00e3o das leis, pela r\u00e1pida administra\u00e7\u00e3o da justi\u00e7a e pelo aperfei\u00e7oamento da cultura e das institui\u00e7\u00f5es jur\u00eddicas;<\/p>\n<p><img decoding=\"async\" loading=\"lazy\" class=\"alignnone wp-image-1904 size-full\" title=\"OAB Teresina\" src=\"https:\/\/www.encontrateresina.com\/sobre\/wp-content\/uploads\/2019\/05\/oab-teresina.jpg\" alt=\"OAB Teresina\" width=\"680\" height=\"189\" srcset=\"https:\/\/www.encontrateresina.com\/sobre\/wp-content\/uploads\/2019\/05\/oab-teresina.jpg 680w, https:\/\/www.encontrateresina.com\/sobre\/wp-content\/uploads\/2019\/05\/oab-teresina-300x83.jpg 300w\" sizes=\"(max-width: 680px) 100vw, 680px\" \/><\/p>\n<p>II &#8211; promover, com exclusividade, a representa\u00e7\u00e3o, a defesa, a sele\u00e7\u00e3o e a disciplina dos advogados em toda a Rep\u00fablica Federativa do Brasil.<\/p>\n<p>Uma caracter\u00edsticas diferencial da OAB \u00e9 n\u00e3o manter com \u00f3rg\u00e3os da Administra\u00e7\u00e3o P\u00fablica qualquer v\u00ednculo funcional ou hier\u00e1rquico, o que garante a autonomia de seus \u00f3rg\u00e3os e a independ\u00eancia na sua atua\u00e7\u00e3o.<\/p>\n<p>O Conselho Seccional (OAB Piau\u00ed) possui personalidade jur\u00eddica pr\u00f3pria e tem jurisdi\u00e7\u00e3o sobre o territ\u00f3rio do estadual.<\/p>\n<p>O Conselho Seccional exerce e observa, no respectivo territ\u00f3rio, as compet\u00eancias, veda\u00e7\u00f5es e fun\u00e7\u00f5es atribu\u00eddas ao Conselho Federal, no que couber e no \u00e2mbito de sua compet\u00eancia material e territorial, e as normas gerais estabelecidas nesta lei, no regulamento geral, no C\u00f3digo de \u00c9tica e Disciplina, e nos Provimentos.<\/p>\n<p>A Escola Superior de Advocacia do Piau\u00ed, comunica que as <em>carteiras estudantis<\/em> est\u00e3o sendo emitidas em sua sede pelo Sindicato das Empresas de Transporte Urbano de Teresina. O pr\u00e9dio est\u00e1 localizado ao lado da OAB-PI, em Teresina.<\/p>\n<h3>OAB Teresina Inscri\u00e7\u00f5es<\/h3>\n<p>O sistema de \u201cInscri\u00e7\u00e3o On-line\u201d permitir\u00e1 ao requerente fazer seu pedido de inscri\u00e7\u00e3o na OAB-PI de forma eletr\u00f4nica, preenchendo o formul\u00e1rio eletr\u00f4nico e acompanhar o seu processo com um n\u00famero de protocolo \u00fanico. Para isso o requerente dever\u00e1 observar os seguintes passos:<\/p>\n<p>O Tipo de Inscri\u00e7\u00e3o desejado;<br \/>\nDigitalizar todos os documentos obrigat\u00f3rios para o tipo de inscri\u00e7\u00e3o desejado. (Todos documentos digitalizados dever\u00e3o ser autenticados, com exce\u00e7\u00e3o dos que tiverem alguma autentica\u00e7\u00e3o no pr\u00f3prio documento);<\/p>\n<p>Preencher o formul\u00e1rio de pedido de inscri\u00e7\u00e3o.<br \/>\nAp\u00f3s o requerente seguir todos os passos anteriores, o mesmo dever\u00e1 acompanhar as fases do seu processo com por um link que ser\u00e1 enviado para o e-mail informado no cadastro, para saber sobre o deferimento\/indeferimento do seu processo.<\/p>\n<h3>Hor\u00e1rio de Funcionamento OAB Teresina<\/h3>\n<ul>\n<li>Segunda a sexta das 9h \u00e1s 18h<\/li>\n<\/ul>\n<h3>Onde Fica, Endere\u00e7o e Telefone OAB Teresina<\/h3>\n<ul>\n<li>R. Gov. Tib\u00e9rio Nunes &#8211; Cabral &#8211; Teresina &#8211; PI<\/li>\n<li>Telefone: (86) 2107-5800<\/li>\n<\/ul>\n<h4>Outras informa\u00e7\u00f5es e site<\/h4>\n<ul>\n<li>Mais informa\u00e7\u00f5es: <a href=\"http:\/\/www.oabpi.org.br\/\" target=\"_blank\" rel=\"noopener noreferrer\">www.oabpi.org.br<\/a><\/li>\n<\/ul>\n<h4>Mapa de localiza\u00e7\u00e3o<\/h4>\n<a class=\"wp-colorbox-iframe\" href=\"https:\/\/www.google.com\/maps\/embed?pb=!1m18!1m12!1m3!1d3974.143442612936!2d-42.802538435817006!3d-5.080488102961913!2m3!1f0!2f0!3f0!3m2!1i1024!2i768!4f13.1!3m3!1m2!1s0x78e39e8c9a1ef950xd3eeb3a8f8bba963!2sOrdem+dos+Advogados+do+Brasil+-+Seco+Piau!5e0!3m2!1spt-BR!2sbr!4v1532542008919\"><img src=\"http:\/\/www.encontrabelohorizonte.com.br\/imgs\/maps-post.png\"><\/a>\n\n<div style=\"font-size: 0px; height: 0px; line-height: 0px; margin: 0; padding: 0; clear: both;\"><\/div>","protected":false},"excerpt":{"rendered":"<p>A sigla OAB significa Ordem dos Advogados do Brasil (OAB Teresina) \u00e9 um dos \u00f3rg\u00e3os dotada de personalidade jur\u00eddica e forma federativa, tendo por finalidade: I &#8211; defender a Constitui\u00e7\u00e3o, a ordem jur\u00eddica do Estado democr\u00e1tico de direito, os direitos humanos, a justi\u00e7a social, e pugnar pela boa aplica\u00e7\u00e3o das leis, pela r\u00e1pida administra\u00e7\u00e3o da justi\u00e7a e pelo aperfei\u00e7oamento da cultura e das institui\u00e7\u00f5es jur\u00eddicas; II &#8211; promover, com exclusividade, a representa\u00e7\u00e3o, a defesa, a sele\u00e7\u00e3o e a disciplina dos advogados em toda a Rep\u00fablica Federativa do Brasil. Uma caracter\u00edsticas diferencial da OAB \u00e9 n\u00e3o manter com \u00f3rg\u00e3os da Administra\u00e7\u00e3o <\/p>\n","protected":false},"author":1,"featured_media":0,"parent":0,"menu_order":0,"comment_status":"closed","ping_status":"closed","template":"","meta":[],"aioseo_notices":[],"_links":{"self":[{"href":"https:\/\/www.encontrateresina.com\/sobre\/wp-json\/wp\/v2\/pages\/1398"}],"collection":[{"href":"https:\/\/www.encontrateresina.com\/sobre\/wp-json\/wp\/v2\/pages"}],"about":[{"href":"https:\/\/www.encontrateresina.com\/sobre\/wp-json\/wp\/v2\/types\/page"}],"author":[{"embeddable":true,"href":"https:\/\/www.encontrateresina.com\/sobre\/wp-json\/wp\/v2\/users\/1"}],"replies":[{"embeddable":true,"href":"https:\/\/www.encontrateresina.com\/sobre\/wp-json\/wp\/v2\/comments?post=1398"}],"version-history":[{"count":0,"href":"https:\/\/www.encontrateresina.com\/sobre\/wp-json\/wp\/v2\/pages\/1398\/revisions"}],"wp:attachment":[{"href":"https:\/\/www.encontrateresina.com\/sobre\/wp-json\/wp\/v2\/media?parent=1398"}],"curies":[{"name":"wp","href":"https:\/\/api.w.org\/{rel}","templated":true}]}}