{"id":1462,"date":"2018-07-30T21:11:50","date_gmt":"2018-07-31T00:11:50","guid":{"rendered":"http:\/\/www.encontrateresina.com\/sobre\/?page_id=1462"},"modified":"2019-05-07T11:31:50","modified_gmt":"2019-05-07T14:31:50","slug":"eletrobras-teresina","status":"publish","type":"page","link":"https:\/\/www.encontrateresina.com\/sobre\/eletrobras-teresina\/","title":{"rendered":"Eletrobras Teresina"},"content":{"rendered":"<div class=\"0a7f0342045e68db0e2c8d55d9616140\" data-index=\"1\" style=\"float: left; margin: 15px 15px 15px 0;\">\n<!-- EBR \/Novo-Bairro-Topo\/ 300x250 -->\r\n<ins class=\"adsbygoogle\"\r\n     style=\"display:inline-block;width:300px;height:250px\"\r\n     data-ad-client=\"ca-pub-6414922941841817\"\r\n     data-ad-slot=\"5351822287\"><\/ins>\r\n<script>\r\n(adsbygoogle = window.adsbygoogle || []).push({});\r\n<\/script>\n<\/div>\n<p>A <strong>Eletrobras Teresina<\/strong> Distribui\u00e7\u00e3o Piau\u00ed tem acompanhado e contribu\u00eddo para o desenvolvimento do Estado do Piau\u00ed ao longo de suas mais de cinco d\u00e9cadas de exist\u00eancia.<\/p>\n<p>Com o objetivo prim\u00e1rio de distribuir energia el\u00e9trica em todo o territ\u00f3rio piauiense, a Eletrobras abrange o Estado com as suas cinco ger\u00eancias regionais sediadas em Parna\u00edba, Teresina, Picos, Floriano e Bom Jesus, de onde garante a manuten\u00e7\u00e3o e amplia\u00e7\u00e3o do sistema e do fornecimento de energia el\u00e9trica aos 224 munic\u00edpios do Piau\u00ed.<\/p>\n<p><img decoding=\"async\" loading=\"lazy\" class=\"alignnone wp-image-1464 size-full\" title=\"Eletrobras Teresina\" src=\"http:\/\/www.encontrateresina.com\/sobre\/wp-content\/uploads\/2018\/07\/eletrobras-teresina.jpg\" alt=\"Eletrobras Teresina\" width=\"680\" height=\"189\" srcset=\"https:\/\/www.encontrateresina.com\/sobre\/wp-content\/uploads\/2018\/07\/eletrobras-teresina.jpg 680w, https:\/\/www.encontrateresina.com\/sobre\/wp-content\/uploads\/2018\/07\/eletrobras-teresina-300x83.jpg 300w\" sizes=\"(max-width: 680px) 100vw, 680px\" \/><\/p>\n<h2>Eletrobras Teresina 2\u00aa Via<\/h2>\n<p>Para conseguir a<em> segunda via<\/em> da sua conta acesse o <a href=\"http:\/\/www.eletrobraspiaui.com\/segundavia\/index.php\" target=\"_blank\" rel=\"noopener\">link<\/a>.<\/p>\n<h3>Eletrobras Teresina 0800<\/h3>\n<p>Para informar falta de energia entre em contato pelo <em>telefone: 0800 086 0800<\/em><\/p>\n<h3>Eletrobras Teresina Manuten\u00e7\u00e3o Programada<\/h3>\n<p><strong>O que \u00e9?<\/strong><br \/>\nO interesse principal da Cepisa \u00e9 que todos os piauienses tenham \u00e0 sua disposi\u00e7\u00e3o energia el\u00e9trica de qualidade, todos os dias. E para alcan\u00e7ar esta meta, a empresa executa obras que ampliam e refor\u00e7am a rede de distribui\u00e7\u00e3o e, mais do que isso, promove a\u00e7\u00f5es que visam a prevenir amea\u00e7as \u00e0 presta\u00e7\u00e3o regular do servi\u00e7o. Para garantir a seguran\u00e7a tanto dos consumidores quanto das equipes t\u00e9cnicas da Cepisa \u00e9 que a empresa precisa interromper o fornecimento de energia el\u00e9trica em ruas, bairros e localidades. \u00c9 a Manuten\u00e7\u00e3o Programada.<\/p>\n<p><strong>Como funciona?<\/strong><br \/>\nFunciona assim: mediante um estudo feito pelo Centro de Opera\u00e7\u00e3o Integrado, a Cepisa identifica \u00e1reas do Piau\u00ed onde s\u00e3o necess\u00e1rios reparos, trocas de equipamentos ou obras para a amplia\u00e7\u00e3o do sistema. As equipes t\u00e9cnicas da companhia s\u00e3o destacadas para realizar esta manuten\u00e7\u00e3o e a empresa divulga, com at\u00e9 72 horas de anteced\u00eancia, onde, quando e por que a interven\u00e7\u00e3o ser\u00e1 feita, por meio das r\u00e1dios e site e, eventualmente, redes sociais, carros de som e televis\u00e3o. Os servi\u00e7os priorizam os turnos da manh\u00e3 e da tarde e t\u00eam prazos fixos de duas a quatro horas e a Cepisa trabalha para que o fornecimento seja restabelecido antes do fim destes intervalos.<\/p>\n<p><strong>Pode ser cancelada?<\/strong><br \/>\nSempre que houver alguma emerg\u00eancia (dias de chuvas fortes, com muita ventania e impacto de objetos contra a rede), algum risco \u00e0 seguran\u00e7a dos colaboradores (epis\u00f3dios fortuitos que possam trazer risco de morte aos empregados e consumidores) ou alguma demanda urgente (relacionada a grandes eventos ou empreendimentos), a Cepisa vai dar prioridade ao atendimento destas situa\u00e7\u00f5es, deslocando as equipes destinadas \u00e0 manuten\u00e7\u00e3o programada e adiando os trabalhos previstos para outras datas e hor\u00e1rios. Quando poss\u00edvel, a Cepisa vai comunicar pelos meios conhecidos o cancelamento destas interven\u00e7\u00f5es.<\/p>\n<p><strong>Pode acontecer sem aviso pr\u00e9vio?<\/strong><br \/>\nA Cepisa sempre vai procurar comunicar aos seus consumidores a ocorr\u00eancia e a import\u00e2ncia de qualquer manuten\u00e7\u00e3o programada. Contudo, em situa\u00e7\u00f5es envolvendo risco \u00e0 vida, a empresa dar\u00e1 aten\u00e7\u00e3o \u00e0 solu\u00e7\u00e3o do problema, mesmo que n\u00e3o haja tempo h\u00e1bil para a divulga\u00e7\u00e3o do trabalho.<\/p>\n<h3>Hor\u00e1rio de Funcionamento Eletrobras Teresina<\/h3>\n<ul>\n<li>Segunda a sexta das 8h \u00e1s 17h<\/li>\n<\/ul>\n<h3>Onde Fica, Endere\u00e7o e Telefone Eletrobras Teresina<\/h3>\n<ul>\n<li><b>Unidade 1: <\/b>Av. Maranh\u00e3o, 759 &#8211; Centro &#8211; Tel.: (86) 3228-8000<\/li>\n<li><b>Unidade 2: <\/b>Cj. Parque Piau\u00ed, QD 38 CASA 09 &#8211; Tel.: 3228-8000<\/li>\n<li><b>Unidade 3: <\/b>Av. Jos\u00e9 Francisco Almeida Neto, S\/N &#8211; Dirceu Arcoverde &#8211; Tel.: (86) 3228-8000<\/li>\n<li><b>Unidade 4: <\/b>R. Rui Barbosa, 582 &#8211; Centro (Sul) &#8211; Tel.: (86) 3228-8000<\/li>\n<li><b>Unidade 5: <\/b>Rua S\u00e3o Jo\u00e3o, 967 &#8211; Centro-Sul &#8211; Tel.: (86) 3228-8000<\/li>\n<li><b>Unidade 6: <\/b>Avenida Presidente Kennedy, 2031 &#8211; Horto Floresta &#8211; Tel.: (86) 3228-8000<\/li>\n<\/ul>\n<h4>Outras informa\u00e7\u00f5es e site<\/h4>\n<ul>\n<li>Mais informa\u00e7\u00f5es: <a href=\"http:\/\/www.eletrobraspiaui.com\/\" target=\"_blank\" rel=\"noopener noreferrer\">www.eletrobraspiaui.com<\/a><\/li>\n<\/ul>\n<h4>Mapa de localiza\u00e7\u00e3o Unidade 1<\/h4>\n<a class=\"wp-colorbox-iframe\" href=\"https:\/\/www.google.com\/maps\/embed?pb=!1m18!1m12!1m3!1d3974.0264970828835!2d-42.81736433581679!3d-5.099417353105548!2m3!1f0!2f0!3f0!3m2!1i1024!2i768!4f13.1!3m3!1m2!1s0x78e39e3000000010x27a673608160c47b!2sEletrobrs!5e0!3m2!1spt-BR!2sbr!4v1532972890670\"><img src=\"http:\/\/www.encontrabelohorizonte.com.br\/imgs\/maps-post.png\"><\/a>\n\n<div style=\"font-size: 0px; height: 0px; line-height: 0px; margin: 0; padding: 0; clear: both;\"><\/div>","protected":false},"excerpt":{"rendered":"<p>A Eletrobras Teresina Distribui\u00e7\u00e3o Piau\u00ed tem acompanhado e contribu\u00eddo para o desenvolvimento do Estado do Piau\u00ed ao longo de suas mais de cinco d\u00e9cadas de exist\u00eancia. Com o objetivo prim\u00e1rio de distribuir energia el\u00e9trica em todo o territ\u00f3rio piauiense, a Eletrobras abrange o Estado com as suas cinco ger\u00eancias regionais sediadas em Parna\u00edba, Teresina, Picos, Floriano e Bom Jesus, de onde garante a manuten\u00e7\u00e3o e amplia\u00e7\u00e3o do sistema e do fornecimento de energia el\u00e9trica aos 224 munic\u00edpios do Piau\u00ed. Eletrobras Teresina 2\u00aa Via Para conseguir a segunda via da sua conta acesse o link. Eletrobras Teresina 0800 Para informar falta <\/p>\n","protected":false},"author":1,"featured_media":0,"parent":0,"menu_order":0,"comment_status":"closed","ping_status":"closed","template":"","meta":[],"aioseo_notices":[],"_links":{"self":[{"href":"https:\/\/www.encontrateresina.com\/sobre\/wp-json\/wp\/v2\/pages\/1462"}],"collection":[{"href":"https:\/\/www.encontrateresina.com\/sobre\/wp-json\/wp\/v2\/pages"}],"about":[{"href":"https:\/\/www.encontrateresina.com\/sobre\/wp-json\/wp\/v2\/types\/page"}],"author":[{"embeddable":true,"href":"https:\/\/www.encontrateresina.com\/sobre\/wp-json\/wp\/v2\/users\/1"}],"replies":[{"embeddable":true,"href":"https:\/\/www.encontrateresina.com\/sobre\/wp-json\/wp\/v2\/comments?post=1462"}],"version-history":[{"count":0,"href":"https:\/\/www.encontrateresina.com\/sobre\/wp-json\/wp\/v2\/pages\/1462\/revisions"}],"wp:attachment":[{"href":"https:\/\/www.encontrateresina.com\/sobre\/wp-json\/wp\/v2\/media?parent=1462"}],"curies":[{"name":"wp","href":"https:\/\/api.w.org\/{rel}","templated":true}]}}