{"id":1497,"date":"2018-08-30T16:00:32","date_gmt":"2018-08-30T19:00:32","guid":{"rendered":"http:\/\/www.encontrateresina.com\/sobre\/?page_id=1497"},"modified":"2019-05-07T13:31:15","modified_gmt":"2019-05-07T16:31:15","slug":"vigilancia-sanitaria-teresina","status":"publish","type":"page","link":"https:\/\/www.encontrateresina.com\/sobre\/vigilancia-sanitaria-teresina\/","title":{"rendered":"Vigil\u00e2ncia Sanit\u00e1ria Teresina"},"content":{"rendered":"<div class=\"0a7f0342045e68db0e2c8d55d9616140\" data-index=\"1\" style=\"float: left; margin: 15px 15px 15px 0;\">\n<!-- EBR \/Novo-Bairro-Topo\/ 300x250 -->\r\n<ins class=\"adsbygoogle\"\r\n     style=\"display:inline-block;width:300px;height:250px\"\r\n     data-ad-client=\"ca-pub-6414922941841817\"\r\n     data-ad-slot=\"5351822287\"><\/ins>\r\n<script>\r\n(adsbygoogle = window.adsbygoogle || []).push({});\r\n<\/script>\n<\/div>\n<p><strong>Vigil\u00e2ncia Sanit\u00e1ria Teresina<\/strong>\u00a0\u00e9 a parcela do poder de pol\u00edcia do Estado destinada \u00e0 prote\u00e7\u00e3o e promo\u00e7\u00e3o da sa\u00fade<\/p>\n<p>Tem como principal finalidade impedir que a sa\u00fade humana seja exposta a riscos ou, em \u00faltima inst\u00e2ncia, combater as causas dos efeitos nocivos que lhe forem gerados, em raz\u00e3o de alguma distor\u00e7\u00e3o sanit\u00e1ria.<\/p>\n<p><img decoding=\"async\" loading=\"lazy\" class=\"alignnone wp-image-1500 size-full\" title=\"Vigil\u00e2ncia Sanit\u00e1ria Teresina\" src=\"http:\/\/www.encontrateresina.com\/sobre\/wp-content\/uploads\/2018\/08\/vigilancia-sanitaria-teresi-1.jpg\" alt=\"Vigil\u00e2ncia Sanit\u00e1ria Teresina\" width=\"680\" height=\"189\" srcset=\"https:\/\/www.encontrateresina.com\/sobre\/wp-content\/uploads\/2018\/08\/vigilancia-sanitaria-teresi-1.jpg 680w, https:\/\/www.encontrateresina.com\/sobre\/wp-content\/uploads\/2018\/08\/vigilancia-sanitaria-teresi-1-300x83.jpg 300w\" sizes=\"(max-width: 680px) 100vw, 680px\" \/><\/p>\n<p>No Brasil, a defini\u00e7\u00e3o legal de Vigil\u00e2ncia Sanit\u00e1ria \u00e9 consentida pela Lei Federal n\u00ba 8.080 de 19 de setembro de 1990, que expressa as diretrizes e trata da execu\u00e7\u00e3o das a\u00e7\u00f5es desta entidade no \u00e2mbito e compet\u00eancia do (SUS).<\/p>\n<p>Entende-se, por vigil\u00e2ncia sanit\u00e1ria, um conjunto de a\u00e7\u00f5es capaz de eliminar, diminuir ou prevenir riscos \u00e0 sa\u00fade e de intervir nos problemas sanit\u00e1rios decorrentes do meio ambiente, da produ\u00e7\u00e3o e circula\u00e7\u00e3o de bens e da presta\u00e7\u00e3o de servi\u00e7os de interesse da sa\u00fade, abrangendo: o controle de bens de consumo que, direta ou indiretamente, se relacionem com a sa\u00fade, compreendidas todas as etapas e processos, da produ\u00e7\u00e3o ao consumo; e o controle da presta\u00e7\u00e3o de servi\u00e7os que se relacionam direta ou indiretamente com a sa\u00fade.\u201d<\/p>\n<p>Todavia, a Vigil\u00e2ncia Sanit\u00e1ria somente adquiriu car\u00e1ter de \u00f3rg\u00e3o regulat\u00f3rio com a cria\u00e7\u00e3o da Lei n\u00ba 9.782\/99, que criou a Ag\u00eancia Nacional de Vigil\u00e2ncia Sanit\u00e1ria (Anvisa) e definiu o Sistema Nacional de Vigil\u00e2ncia Sanit\u00e1ria (SNVS), o qual \u00e9 um instrumento privilegiado que o SUS disp\u00f5e para realizar seu objetivo de preven\u00e7\u00e3o e promo\u00e7\u00e3o da sa\u00fade.<\/p>\n<p>No Brasil, o SNVS \u00e9 organizado e estruturado nos tr\u00eas n\u00edveis de gorverno \u2013 federal, estadual e municipal \u2013 com responsabilidades compartilhadas. No n\u00edvel federal, est\u00e3o a Ag\u00eancia Nacional de Vigil\u00e2ncia Sanit\u00e1ria (Anvisa) e o Instituto Nacional de Controle de Qualidade em Sa\u00fade (INCQS\/Fiocruz). A Anvisa representa uma autarquia com autonomia administrativa e financeira, e coordena os trabalhos pela constru\u00e7\u00e3o de uma Pol\u00edtica Nacional de Vigil\u00e2ncia Sanit\u00e1ria, conforme estabelecido no artigo 2\u00ba da Lei n\u00ba. 9.782\/1999. No n\u00edvel estadual, est\u00e3o o \u00f3rg\u00e3o de vigil\u00e2ncia sanit\u00e1ria e o Laborat\u00f3rio Central (Lacen) de cada uma das 27 Unidades da Federa\u00e7\u00e3o. No n\u00edvel municipal, est\u00e3o os servi\u00e7os dos 5561 munic\u00edpios brasileiros, muitos dos quais ainda em fase de organiza\u00e7\u00e3o.<\/p>\n<p>A Vigil\u00e2ncia Sanit\u00e1ria e seus agentes p\u00fablicos s\u00e3o detentores do chamado \u201cPoder de Pol\u00edcia\u201d, que os permite realizar determinados atos administrativos, como a fiscaliza\u00e7\u00e3o, a autua\u00e7\u00e3o, e a interdi\u00e7\u00e3o de estabelecimento irregulares, de modo a garantir a seguran\u00e7a adequada para a popula\u00e7\u00e3o, com base em um conjunto de normas legais estabelecidos pela legisla\u00e7\u00e3o.<\/p>\n<p>A Vigil\u00e2ncia Sanit\u00e1ria pode atuar em:<\/p>\n<ul>\n<li>Locais de produ\u00e7\u00e3o, transporte e comercializa\u00e7\u00e3o de alimentos;<\/li>\n<li>Locais de produ\u00e7\u00e3o, distribui\u00e7\u00e3o, comercializa\u00e7\u00e3o de medicamentos, produtos de interesse para a sa\u00fade;<\/li>\n<li>Locais de servi\u00e7os de sa\u00fade;<\/li>\n<li>Meio ambiente;<\/li>\n<li>Ambientes e processos do trabalho\/sa\u00fade do trabalhador;<\/li>\n<li>P\u00f3s-comercializa\u00e7\u00e3o;<\/li>\n<li>Projetos de arquitetura;<\/li>\n<li>Locais p\u00fablicos;<\/li>\n<\/ul>\n<p>A Anvisa tem como responsabilidade garantir o controle sanit\u00e1rio de portos, aeroportos e fronteiras, bem como a prote\u00e7\u00e3o \u00e0 sa\u00fade do viajante, dos meios de transporte e dos servi\u00e7os submetidos \u00e0 vigil\u00e2ncia sanit\u00e1ria.<\/p>\n<h2>Vigil\u00e2ncia Sanitaria Teresina Den\u00fancia<\/h2>\n<p>Caso tenha alguma d\u00favida, sugest\u00e3o, reclama\u00e7\u00e3o ou den\u00fancia, entre em contato conosco preenchendo o <a href=\"http:\/\/fms.teresina.pi.gov.br\/fale-conosco\" target=\"_blank\" rel=\"noopener\">formul\u00e1rio<\/a> ou atrav\u00e9s dos n\u00fameros (86)3215.7700 \/ (86)3215.7701<\/p>\n<h3>Hor\u00e1rio de Funcionamento Vigil\u00e2ncia Sanit\u00e1ria Teresina<\/h3>\n<ul>\n<li>Segunda a sexta das 7h \u00e1s 18h<\/li>\n<\/ul>\n<h3>Onde Fica, Endere\u00e7o e Telefone Vigil\u00e2ncia Sanit\u00e1ria Teresina<\/h3>\n<ul>\n<li>R. Firmino P\u00edres, 3241 &#8211; S\u00e3o Pedro &#8211; S\u00e3o Pedro &#8211; Teresina &#8211; PI<\/li>\n<li>Telefone: (86) 3215-9102<\/li>\n<\/ul>\n<h4>Outras informa\u00e7\u00f5es e site<\/h4>\n<ul>\n<li>Mais informa\u00e7\u00f5es: <a href=\"http:\/\/fms.teresina.pi.gov.br\/vigilancia-sanitaria\" target=\"_blank\" rel=\"noopener noreferrer\">www.fms.teresina.pi.gov.br<\/a><\/li>\n<\/ul>\n<h4>Mapa de localiza\u00e7\u00e3o<\/h4>\n<a class=\"wp-colorbox-iframe\" href=\"https:\/\/www.google.com\/maps\/embed?pb=!1m18!1m12!1m3!1d3973.9055637855936!2d-42.80617108583877!3d-5.118918653254098!2m3!1f0!2f0!3f0!3m2!1i1024!2i768!4f13.1!3m3!1m2!1s0x78e39dc7ef24b950x381f4d6ebb456285!2sGevisa+Vigilncia+Sanitria+Municipal!5e0!3m2!1spt-BR!2sbr!4v1535640105218\"><img src=\"http:\/\/www.encontrabelohorizonte.com.br\/imgs\/maps-post.png\"><\/a>\n\n<div style=\"font-size: 0px; height: 0px; line-height: 0px; margin: 0; padding: 0; clear: both;\"><\/div>","protected":false},"excerpt":{"rendered":"<p>Vigil\u00e2ncia Sanit\u00e1ria Teresina\u00a0\u00e9 a parcela do poder de pol\u00edcia do Estado destinada \u00e0 prote\u00e7\u00e3o e promo\u00e7\u00e3o da sa\u00fade Tem como principal finalidade impedir que a sa\u00fade humana seja exposta a riscos ou, em \u00faltima inst\u00e2ncia, combater as causas dos efeitos nocivos que lhe forem gerados, em raz\u00e3o de alguma distor\u00e7\u00e3o sanit\u00e1ria. No Brasil, a defini\u00e7\u00e3o legal de Vigil\u00e2ncia Sanit\u00e1ria \u00e9 consentida pela Lei Federal n\u00ba 8.080 de 19 de setembro de 1990, que expressa as diretrizes e trata da execu\u00e7\u00e3o das a\u00e7\u00f5es desta entidade no \u00e2mbito e compet\u00eancia do (SUS). Entende-se, por vigil\u00e2ncia sanit\u00e1ria, um conjunto de a\u00e7\u00f5es capaz de <\/p>\n","protected":false},"author":1,"featured_media":0,"parent":0,"menu_order":0,"comment_status":"closed","ping_status":"closed","template":"","meta":[],"aioseo_notices":[],"_links":{"self":[{"href":"https:\/\/www.encontrateresina.com\/sobre\/wp-json\/wp\/v2\/pages\/1497"}],"collection":[{"href":"https:\/\/www.encontrateresina.com\/sobre\/wp-json\/wp\/v2\/pages"}],"about":[{"href":"https:\/\/www.encontrateresina.com\/sobre\/wp-json\/wp\/v2\/types\/page"}],"author":[{"embeddable":true,"href":"https:\/\/www.encontrateresina.com\/sobre\/wp-json\/wp\/v2\/users\/1"}],"replies":[{"embeddable":true,"href":"https:\/\/www.encontrateresina.com\/sobre\/wp-json\/wp\/v2\/comments?post=1497"}],"version-history":[{"count":0,"href":"https:\/\/www.encontrateresina.com\/sobre\/wp-json\/wp\/v2\/pages\/1497\/revisions"}],"wp:attachment":[{"href":"https:\/\/www.encontrateresina.com\/sobre\/wp-json\/wp\/v2\/media?parent=1497"}],"curies":[{"name":"wp","href":"https:\/\/api.w.org\/{rel}","templated":true}]}}