{"id":1530,"date":"2018-12-05T16:48:14","date_gmt":"2018-12-05T18:48:14","guid":{"rendered":"http:\/\/www.encontrateresina.com\/sobre\/?page_id=1530"},"modified":"2019-02-28T10:04:31","modified_gmt":"2019-02-28T13:04:31","slug":"inss-teresina","status":"publish","type":"page","link":"https:\/\/www.encontrateresina.com\/sobre\/inss-teresina\/","title":{"rendered":"INSS Teresina"},"content":{"rendered":"<div class=\"0a7f0342045e68db0e2c8d55d9616140\" data-index=\"1\" style=\"float: left; margin: 15px 15px 15px 0;\">\n<!-- EBR \/Novo-Bairro-Topo\/ 300x250 -->\r\n<ins class=\"adsbygoogle\"\r\n     style=\"display:inline-block;width:300px;height:250px\"\r\n     data-ad-client=\"ca-pub-6414922941841817\"\r\n     data-ad-slot=\"5351822287\"><\/ins>\r\n<script>\r\n(adsbygoogle = window.adsbygoogle || []).push({});\r\n<\/script>\n<\/div>\n<p>Instituto Nacional do Seguro Social (<strong>INSS Teresina<\/strong>) \u00e9 uma autarquia do Governo do Brasil vinculada ao Minist\u00e9rio do Desenvolvimento Social que recebe as contribui\u00e7\u00f5es para a manuten\u00e7\u00e3o do Regime Geral da previd\u00eancia social.<\/p>\n<p>Respons\u00e1vel pelo pagamento da aposentadoria, pens\u00e3o por morte, aux\u00edlio-doen\u00e7a, aux\u00edlio-acidente e outros benef\u00edcios para aqueles que adquirirem o direito a estes benef\u00edcios segundo o previsto pela lei.<\/p>\n<p><img decoding=\"async\" loading=\"lazy\" class=\"alignnone wp-image-1531 size-full\" title=\"INSS Teresina\" src=\"https:\/\/www.encontrateresina.com\/sobre\/wp-content\/uploads\/2018\/12\/inss-teresina.jpg\" alt=\"INSS Teresina\" width=\"680\" height=\"189\" srcset=\"https:\/\/www.encontrateresina.com\/sobre\/wp-content\/uploads\/2018\/12\/inss-teresina.jpg 680w, https:\/\/www.encontrateresina.com\/sobre\/wp-content\/uploads\/2018\/12\/inss-teresina-300x83.jpg 300w\" sizes=\"(max-width: 680px) 100vw, 680px\" \/><\/p>\n<p>O INSS trabalha junto \u00e0 Dataprev, empresa de tecnologia que faz o processamento de todos os dados da Previd\u00eancia.<\/p>\n<p>Al\u00e9m do regime geral, os estados e munic\u00edpios podem instituir os seus regimes pr\u00f3prios financiados por contribui\u00e7\u00f5es espec\u00edficas.<\/p>\n<h2>INSS Teresina Sal\u00e1rio Maternidade<\/h2>\n<p>Pago no caso de nascimento de filho ou de ado\u00e7\u00e3o de crian\u00e7a.<\/p>\n<p>Benef\u00edcio devido a pessoa que se afasta de sua atividade, por motivo de nascimento de filho, aborto n\u00e3o criminoso, ado\u00e7\u00e3o ou guarda judicial para fins de ado\u00e7\u00e3o.<\/p>\n<p>Aten\u00e7\u00e3o! <em>Sal\u00e1rio-Maternidade<\/em> da segurada empregada em empresa deve ser solicitado diretamente ao empregador<\/p>\n<p>O atendimento deste servi\u00e7o ser\u00e1 realizado \u00e0 dist\u00e2ncia, n\u00e3o sendo necess\u00e1rio o comparecimento presencial nas unidades do INSS, a n\u00e3o ser quando solicitado para comprova\u00e7\u00e3o.<\/p>\n<p>O <em>Sal\u00e1rio maternidade<\/em> Rural dever\u00e1 ser agendado.<\/p>\n<p>O <em>sal\u00e1rio-maternidade<\/em> do empregado do microempreendedor individual deve ser requerido diretamente no INSS (\u00a7 3\u00ba do artigo 72 da Lei n\u00ba 8.213\/1991).<\/p>\n<h3>INSS Teresina Agendamento<\/h3>\n<p>O <span style=\"text-decoration: underline;\">agendamento<\/span> tem por finalidade viabilizar um atendimento mais c\u00f4modo e resolutivo para voc\u00ea, al\u00e9m de permitir \u00e0s ag\u00eancias do INSS se planejarem para o atendimento de acordo com a for\u00e7a de trabalho de cada unidade. O <span style=\"text-decoration: underline;\">agendamento<\/span> \u00e9 um protocolo v\u00e1lido e garante todos os seus direitos. Depois de agendar, lembre-se de conferir, na p\u00e1gina do pr\u00f3prio servi\u00e7o, a documenta\u00e7\u00e3o que voc\u00ea deve levar no dia do seu atendimento.<\/p>\n<p>Aten\u00e7\u00e3o<\/p>\n<p>Se voc\u00ea \u00e9 trabalhador urbano, dever\u00e1 fazer seu requerimento do Sal\u00e1rio-Maternidade ou Aposentadoria por Idade no novo modelo de atendimento, ou seja, diretamente pelo telefone 135 ou por meio de login e senha no Meu INSS, sem necessidade de agendamento e de ir ao INSS para levar documentos e formalizar o pedido. Nesses casos, o segurado s\u00f3 vai a ag\u00eancia se for chamado.<\/p>\n<h3>INSS Teresina\u00a0Agendamento Per\u00edcia INSS<\/h3>\n<p>Devido ao segurado que comprove estar temporariamente incapaz para o trabalho.<br \/>\nO Aux\u00edlio-Doen\u00e7a \u00e9 um benef\u00edcio por incapacidade devido ao segurado do INSS que comprove, em per\u00edcia m\u00e9dica, estar temporariamente incapaz para o trabalho em decorr\u00eancia de doen\u00e7a ou acidente.<\/p>\n<p>Caso o segurado n\u00e3o possa comparecer \u00e0 per\u00edcia m\u00e9dica no dia e hora agendados, ele pode solicitar a remarca\u00e7\u00e3o, uma \u00fanica vez, at\u00e9 tr\u00eas dias antes da data agendada, pela Central 135 ou comparecendo diretamente \u00e0 Ag\u00eancia da Previd\u00eancia Social.<\/p>\n<p>Em casos de interna\u00e7\u00e3o hospitalar ou restri\u00e7\u00e3o ao leito (acamado), o prazo para remarca\u00e7\u00e3o \u00e9 de sete dias antes ou at\u00e9 a data agendada, sendo necess\u00e1rio o comparecimento do representante legal \u00e0 Ag\u00eancia do INSS.<\/p>\n<p>Se o segurado n\u00e3o comparecer na data agendada ou n\u00e3o efetivar a remarca\u00e7\u00e3o da per\u00edcia m\u00e9dica ou solicitar o cancelamento do requerimento, ficar\u00e1 impossibilitado de requerer novamente benef\u00edcio pelos pr\u00f3ximos 30 dias.<\/p>\n<p>Nos \u00faltimos 15 dias do aux\u00edlio-doen\u00e7a, caso julgue que o prazo inicialmente concedido para a recupera\u00e7\u00e3o se revelou insuficiente para retorno ao trabalho, o segurado poder\u00e1 solicitar a prorroga\u00e7\u00e3o do benef\u00edcio pela Central 135, internet ou comparecendo em uma ag\u00eancia do INSS.<\/p>\n<p>Caso n\u00e3o concorde com o indeferimento ou a cessa\u00e7\u00e3o do benef\u00edcio e n\u00e3o seja mais poss\u00edvel solicitar prorroga\u00e7\u00e3o, o segurado pode entrar com recurso \u00e0 Junta de Recursos, em at\u00e9 30 dias contados a partir da data em que tomar ci\u00eancia da decis\u00e3o do INSS (Portaria MDSA n\u00ba 152, de 25\/08\/2016).<\/p>\n<p>Documentos originais e formul\u00e1rios necess\u00e1rios:<\/p>\n<ul>\n<li>Documento de identifica\u00e7\u00e3o oficial com foto, que permita o reconhecimento do requerente;<\/li>\n<li>N\u00famero do CPF;<\/li>\n<li>Carteira de trabalho, carn\u00eas de contribui\u00e7\u00e3o e outros documentos que comprovem pagamento ao INSS;<\/li>\n<li>Documentos m\u00e9dicos decorrentes de seu tratamento, como atestados, exames, relat\u00f3rios, etc, para serem analisados no dia da per\u00edcia m\u00e9dica do INSS;<\/li>\n<li>Para o empregado: declara\u00e7\u00e3o carimbada e assinada do empregador, informando a data do \u00faltimo dia trabalhado (se precisar, imprima o requerimento);<\/li>\n<li>Comunica\u00e7\u00e3o de acidente de trabalho (CAT), se for o caso;<\/li>\n<li>Para o segurado especial (trabalhador rural, lavrador, pescador): documentos que comprovem esta situa\u00e7\u00e3o, como declara\u00e7\u00e3o de sindicato, contratos de arrendamento, entre outros.<\/li>\n<\/ul>\n<h3>INSS Teresina Aposentadoria<\/h3>\n<p>Benef\u00edcio devido ao cidad\u00e3o que comprovar o tempo total de 35 anos de contribui\u00e7\u00e3o, se homem, ou 30 anos de contribui\u00e7\u00e3o, se mulher.<\/p>\n<p>Quem pode utilizar esse servi\u00e7o?<\/p>\n<p>Cidad\u00e3o que j\u00e1 possui tempo m\u00ednimo de contribui\u00e7\u00e3o exigido, conforme as regras abaixo:<br \/>\nExistem tr\u00eas regras para esse tipo de benef\u00edcio:<\/p>\n<p>Regra 1: 85\/95 progressiva<\/p>\n<ul>\n<li>N\u00e3o h\u00e1 idade m\u00ednima<\/li>\n<li>Para a concess\u00e3o da aposentadoria integral a soma da idade e o tempo de contribui\u00e7\u00e3o do cidad\u00e3o dever\u00e1 atingir a quantidade de pontos exigidos:<\/li>\n<li>Para homem: 95 pontos, sendo no m\u00ednimo 35 anos de contribui\u00e7\u00e3o + idade.<\/li>\n<li>Para mulher: 85 pontos, sendo no m\u00ednimo 30 anos de contribui\u00e7\u00e3o + soma idade. Aten\u00e7\u00e3o! A partir de 31 de dezembro de 2018 o total de pontos ser\u00e1 progressivo at\u00e9 2026. A cada dois anos, ser\u00e1 acrescido um ponto, at\u00e9 a soma de 90 pontos para mulheres e 100 pontos para homens.<\/li>\n<li>Pessoa com tempo m\u00ednimo de 180 meses efetivamente trabalhados<\/li>\n<li>A aplica\u00e7\u00e3o do fator previdenci\u00e1rio para o c\u00e1lculo desse benef\u00edcio \u00e9 opcional.<\/li>\n<\/ul>\n<p>Regra 2: com 30\/35 anos de contribui\u00e7\u00e3o<\/p>\n<ul>\n<li>N\u00e3o h\u00e1 idade m\u00ednima<\/li>\n<li>Tempo total de contribui\u00e7\u00e3o<\/li>\n<li>35 anos de contribui\u00e7\u00e3o (homem)<\/li>\n<li>30 anos de contribui\u00e7\u00e3o (mulher)<\/li>\n<li>Pessoa com tempo m\u00ednimo de 180 meses efetivamente trabalhados<\/li>\n<li>A aplica\u00e7\u00e3o do fator previdenci\u00e1rio para o c\u00e1lculo desse benef\u00edcio \u00e9 opcional.<\/li>\n<\/ul>\n<p>Regra 3: para aposentadoria proporcional<\/p>\n<ul>\n<li>Cidad\u00e3o com idade m\u00ednima de 48 anos (mulher) e 53 anos (homem)<\/li>\n<li>Tempo total de contribui\u00e7\u00e3o<\/li>\n<li>25 anos de contribui\u00e7\u00e3o + o tempo adicional (mulher)<\/li>\n<li>30 anos de contribui\u00e7\u00e3o + o tempo adicional (homem)<\/li>\n<li>180 meses efetivamente trabalhados,<\/li>\n<li>Tem aplica\u00e7\u00e3o do fator previdenci\u00e1rio para o c\u00e1lculo deste benef\u00edcio<\/li>\n<\/ul>\n<p>At\u00e9 16\/12\/1998 havia a Aposentadoria Proporcional. Contudo, desde essa data, n\u00e3o existe mais essa regra. Mas para aqueles que j\u00e1 eram inscritos at\u00e9 16\/12\/1998 \u00e9 poss\u00edvel pedir o benef\u00edcio, desde que complete o tempo necess\u00e1rio segundo a regra de transi\u00e7\u00e3o criada para atender estes casos.<\/p>\n<p>Em outra palavras: o adicional de tempo citado nessa regra, corresponde a 40% do tempo que faltava para o cidad\u00e3o atingir o tempo m\u00ednimo da proporcional que era exigido em 16\/12\/1998 (30 anos para homem e 25 para mulher). Exemplo: um homem que tinha 20 anos de contribui\u00e7\u00e3o nessa data, precisava de 10 para se aposentar pela proporcional. Logo, para aposentar-se pela proporcional hoje, dever\u00e1 comprovar 34 anos (30 anos + 40% de 10 anos);<\/p>\n<h3>Hor\u00e1rio de Funcionamento Instituto Nacional do Seguro Social Teresina<\/h3>\n<ul>\n<li>Segunda a sexta das 8h \u00e0s 18h<\/li>\n<\/ul>\n<h3>Onde Fica, Endere\u00e7o e Telefone INSS Teresina<\/h3>\n<ul>\n<li><strong>Centro (Norte)<\/strong>: R. Areolino de Abreu, 1015 &#8211; Centro (Norte) &#8211; Telefone: (86) 3215-3000<\/li>\n<li><strong>S\u00e3o Crist\u00f3v\u00e3o<\/strong>: Av. Jo\u00e3o XXIII, 3231 &#8211; S\u00e3o Crist\u00f3v\u00e3o &#8211; Telefone: (86) 3216-3040<\/li>\n<li><strong>Centro (Sul)<\/strong>: R. David Caldas, 113 &#8211; Centro (Sul) &#8211; Telefone: (86) 3215-3295<\/li>\n<li><strong>Pio XII<\/strong> : R. Sete de Setembro, 2786 &#8211; Pio XII &#8211; Telefone: (86) 3216-3030<\/li>\n<\/ul>\n<h4>Outras informa\u00e7\u00f5es Site e CNPJ<\/h4>\n<ul>\n<li>Mais informa\u00e7\u00f5es: <a href=\"http:\/\/www.consultainss.com\" target=\"_blank\" rel=\"noopener\">www.consultainss.com<\/a><\/li>\n<li>CNPJ: 29.979.036\/0214-90<\/li>\n<\/ul>\n<h4>Mapa de localiza\u00e7\u00e3o Centro (Norte)<\/h4>\n<a class=\"wp-colorbox-iframe\" href=\"https:\/\/www.google.com\/maps\/embed?pb=!1m14!1m8!1m3!1d15896.352573507022!2d-42.816923!3d-5.0894478!3m2!1i1024!2i768!4f13.1!3m3!1m2!1s0x00x60bf7d21f722662e!2sINSS+Teresina!5e0!3m2!1spt-BR!2sbr!4v1543948459702\"><img src=\"http:\/\/www.encontrateresina.com\/imgs\/maps-post.png\"><\/a>\n\n<div style=\"font-size: 0px; height: 0px; line-height: 0px; margin: 0; padding: 0; clear: both;\"><\/div>","protected":false},"excerpt":{"rendered":"<p>Instituto Nacional do Seguro Social (INSS Teresina) \u00e9 uma autarquia do Governo do Brasil vinculada ao Minist\u00e9rio do Desenvolvimento Social que recebe as contribui\u00e7\u00f5es para a manuten\u00e7\u00e3o do Regime Geral da previd\u00eancia social. Respons\u00e1vel pelo pagamento da aposentadoria, pens\u00e3o por morte, aux\u00edlio-doen\u00e7a, aux\u00edlio-acidente e outros benef\u00edcios para aqueles que adquirirem o direito a estes benef\u00edcios segundo o previsto pela lei. O INSS trabalha junto \u00e0 Dataprev, empresa de tecnologia que faz o processamento de todos os dados da Previd\u00eancia. Al\u00e9m do regime geral, os estados e munic\u00edpios podem instituir os seus regimes pr\u00f3prios financiados por contribui\u00e7\u00f5es espec\u00edficas. INSS Teresina Sal\u00e1rio <\/p>\n","protected":false},"author":1,"featured_media":0,"parent":0,"menu_order":0,"comment_status":"closed","ping_status":"closed","template":"","meta":[],"aioseo_notices":[],"_links":{"self":[{"href":"https:\/\/www.encontrateresina.com\/sobre\/wp-json\/wp\/v2\/pages\/1530"}],"collection":[{"href":"https:\/\/www.encontrateresina.com\/sobre\/wp-json\/wp\/v2\/pages"}],"about":[{"href":"https:\/\/www.encontrateresina.com\/sobre\/wp-json\/wp\/v2\/types\/page"}],"author":[{"embeddable":true,"href":"https:\/\/www.encontrateresina.com\/sobre\/wp-json\/wp\/v2\/users\/1"}],"replies":[{"embeddable":true,"href":"https:\/\/www.encontrateresina.com\/sobre\/wp-json\/wp\/v2\/comments?post=1530"}],"version-history":[{"count":0,"href":"https:\/\/www.encontrateresina.com\/sobre\/wp-json\/wp\/v2\/pages\/1530\/revisions"}],"wp:attachment":[{"href":"https:\/\/www.encontrateresina.com\/sobre\/wp-json\/wp\/v2\/media?parent=1530"}],"curies":[{"name":"wp","href":"https:\/\/api.w.org\/{rel}","templated":true}]}}