{"id":332,"date":"2018-02-22T11:14:51","date_gmt":"2018-02-22T14:14:51","guid":{"rendered":"http:\/\/www.encontrateresina.com\/sobre\/?page_id=332"},"modified":"2019-04-29T22:55:14","modified_gmt":"2019-04-30T01:55:14","slug":"ciee-teresina","status":"publish","type":"page","link":"https:\/\/www.encontrateresina.com\/sobre\/ciee-teresina\/","title":{"rendered":"Ciee Teresina"},"content":{"rendered":"<div class=\"0a7f0342045e68db0e2c8d55d9616140\" data-index=\"1\" style=\"float: left; margin: 15px 15px 15px 0;\">\n<!-- EBR \/Novo-Bairro-Topo\/ 300x250 -->\r\n<ins class=\"adsbygoogle\"\r\n     style=\"display:inline-block;width:300px;height:250px\"\r\n     data-ad-client=\"ca-pub-6414922941841817\"\r\n     data-ad-slot=\"5351822287\"><\/ins>\r\n<script>\r\n(adsbygoogle = window.adsbygoogle || []).push({});\r\n<\/script>\n<\/div>\n<p>O Centro de Integra\u00e7\u00e3o Empresa-Escola (CIEE) \u00e9 uma institui\u00e7\u00e3o filantr\u00f3pica, mantida pelo empresariado nacional, de assist\u00eancia social, sem finalidades lucrativas, que trabalha em prol da juventude estudantil brasileira.<\/p>\n<p>O maior objetivo do<strong> CIEE Teresina<\/strong> \u00e9 encontrar para os estudantes de n\u00edvel m\u00e9dio, t\u00e9cnico e superior oportunidades de est\u00e1gio ou aprendizado, que os auxiliem a colocar em pr\u00e1tica tudo o que aprenderam na teoria.<\/p>\n<p><img decoding=\"async\" loading=\"lazy\" class=\"alignnone wp-image-333 size-full\" title=\"Ciee Teresina\" src=\"http:\/\/www.encontrateresina.com\/sobre\/wp-content\/uploads\/2018\/02\/ciee-teresina.jpg\" alt=\"Ciee Teresina\" width=\"680\" height=\"189\" srcset=\"https:\/\/www.encontrateresina.com\/sobre\/wp-content\/uploads\/2018\/02\/ciee-teresina.jpg 680w, https:\/\/www.encontrateresina.com\/sobre\/wp-content\/uploads\/2018\/02\/ciee-teresina-300x83.jpg 300w\" sizes=\"(max-width: 680px) 100vw, 680px\" \/><\/p>\n<p>O Centro de Integra\u00e7\u00e3o Empresa-Escola \u2013 CIEE \u00e9 uma associa\u00e7\u00e3o civil de direito privado, sem fins lucrativos e de fins n\u00e3o econ\u00f4micos, reconhecida como entidade de assist\u00eancia social que, por meio de diversos programas, dentre eles o de aprendizagem e o est\u00e1gio de estudantes, possibilita aos adolescentes e jovens uma forma\u00e7\u00e3o integral, ingressando-os ao mundo do trabalho.<\/p>\n<h2>Ciee Teresina PI Cadastro<\/h2>\n<p>O <em>Portal CIEE<\/em> pode ser acessado por todos os internautas, entretanto, alguns ambientes s\u00e3o restritos apenas para cadastrados.<\/p>\n<p>O <em>cadastramento<\/em> deve ser realizado conforme perfil do internauta: visitante, estagi\u00e1rio, estudantes com interesse em programas de est\u00e1gio, adolescente aprendiz, cursos, oficinas de capacita\u00e7\u00e3o, palestras, entre outros.<\/p>\n<p>No site do CIEE voc\u00ea iniciar\u00e1 a primeira etapa de seu cadastro, indicando no mapa o Estado em que reside e perfil adequado.<\/p>\n<p>Empresas e escolas que desejarem fazer parceiras com o CIEE, tamb\u00e9m devem iniciar o relacionamento atrav\u00e9s do site.<\/p>\n<h3>Ciee Teresina Vagas e Est\u00e1gio<\/h3>\n<p>Para encontrar e se cadastrar para concorrer a uma <span style=\"text-decoration: underline;\">vaga de emprego<\/span> no CIEE Teresina voc\u00ea deve acessar o <em>portal de vagas<\/em> no site do CIEE e se cadastrar. Ap\u00f3s a cria\u00e7\u00e3o do seu login e senha voc\u00ea ter\u00e1 acesso ao banco de <span style=\"text-decoration: underline;\">vagas do CIEE<\/span> e poder\u00e1 cadastrar seu <span style=\"text-decoration: underline;\">curr\u00edculo<\/span> e concorrer a <span style=\"text-decoration: underline;\">vagas de emprego.<\/span><\/p>\n<h3>Ciee Teresina Aprendiz Legal<\/h3>\n<p>Existe um grande contingente de jovens brasileiros que ainda n\u00e3o tem acesso a uma oportunidade de inser\u00e7\u00e3o no mundo do trabalho. Essa parcela da popula\u00e7\u00e3o \u00e9 \u00e1vida por conhecimento pr\u00e1tico e profissionalizante, e ganhou respaldo oficial em meados dos anos 2000.<\/p>\n<p>A Lei da Aprendizagem (n\u00b0 10.097\/2000) determina que uma cota entre 5% e 15% das vagas das companhias consideradas de m\u00e9dio e grande porte seja destinada aos jovens entre 14 a 24 anos incompletos, sendo estudante dos ensinos Fundamental, M\u00e9dio, T\u00e9cnico ou formado.<\/p>\n<p>Com a inten\u00e7\u00e3o de selecionar e encontrar esses jovens que desejam uma coloca\u00e7\u00e3o, o Centro de Integra\u00e7\u00e3o Empresa-Escola \u2013 CIEE se uniu \u00e0 Funda\u00e7\u00e3o Roberto Marinho para ampliar o alcance do Programa Aprendiz Legal. Conhe\u00e7a mais sobre essa iniciativa pioneira:<\/p>\n<h3>Hor\u00e1rio de Funcionamento Ciee Teresina<\/h3>\n<ul>\n<li>Segunda a sexta das 8h \u00e0s 17h<\/li>\n<\/ul>\n<h3>Onde Fica, Endere\u00e7o e Telefone Ciee Teresina<\/h3>\n<ul>\n<li>Av. Campos S\u00e1les, 1315 &#8211; Centro (Sul) &#8211; Teresina &#8211; PI<\/li>\n<li>Telefone: (86) 3194-5800<\/li>\n<\/ul>\n<h4>Outras informa\u00e7\u00f5es e site<\/h4>\n<ul>\n<li>Mais informa\u00e7\u00f5es: <a href=\"http:\/\/www.ciee.org.br\" target=\"_blank\" rel=\"noopener\">www.ciee.org.br\/<\/a><\/li>\n<\/ul>\n<h4>Mapa de Localiza\u00e7\u00e3o<\/h4>\n<a class=\"wp-colorbox-iframe\" href=\"https:\/\/www.google.com\/maps\/embed?pb=!1m14!1m8!1m3!1d15896.4724375315!2d-42.816425!3d-5.0845946!3m2!1i1024!2i768!4f13.1!3m3!1m2!1s0x00x8210be703d579f36!2sCIEE!5e0!3m2!1spt-BR!2sbr!4v1519308013117\"><img src=\"http:\/\/www.encontrabelohorizonte.com.br\/imgs\/maps-post.png\"><\/a>\n\n<div style=\"font-size: 0px; height: 0px; line-height: 0px; margin: 0; padding: 0; clear: both;\"><\/div>","protected":false},"excerpt":{"rendered":"<p>O Centro de Integra\u00e7\u00e3o Empresa-Escola (CIEE) \u00e9 uma institui\u00e7\u00e3o filantr\u00f3pica, mantida pelo empresariado nacional, de assist\u00eancia social, sem finalidades lucrativas, que trabalha em prol da juventude estudantil brasileira. O maior objetivo do CIEE Teresina \u00e9 encontrar para os estudantes de n\u00edvel m\u00e9dio, t\u00e9cnico e superior oportunidades de est\u00e1gio ou aprendizado, que os auxiliem a colocar em pr\u00e1tica tudo o que aprenderam na teoria. O Centro de Integra\u00e7\u00e3o Empresa-Escola \u2013 CIEE \u00e9 uma associa\u00e7\u00e3o civil de direito privado, sem fins lucrativos e de fins n\u00e3o econ\u00f4micos, reconhecida como entidade de assist\u00eancia social que, por meio de diversos programas, dentre eles o <\/p>\n","protected":false},"author":1,"featured_media":0,"parent":0,"menu_order":0,"comment_status":"closed","ping_status":"closed","template":"","meta":[],"aioseo_notices":[],"_links":{"self":[{"href":"https:\/\/www.encontrateresina.com\/sobre\/wp-json\/wp\/v2\/pages\/332"}],"collection":[{"href":"https:\/\/www.encontrateresina.com\/sobre\/wp-json\/wp\/v2\/pages"}],"about":[{"href":"https:\/\/www.encontrateresina.com\/sobre\/wp-json\/wp\/v2\/types\/page"}],"author":[{"embeddable":true,"href":"https:\/\/www.encontrateresina.com\/sobre\/wp-json\/wp\/v2\/users\/1"}],"replies":[{"embeddable":true,"href":"https:\/\/www.encontrateresina.com\/sobre\/wp-json\/wp\/v2\/comments?post=332"}],"version-history":[{"count":0,"href":"https:\/\/www.encontrateresina.com\/sobre\/wp-json\/wp\/v2\/pages\/332\/revisions"}],"wp:attachment":[{"href":"https:\/\/www.encontrateresina.com\/sobre\/wp-json\/wp\/v2\/media?parent=332"}],"curies":[{"name":"wp","href":"https:\/\/api.w.org\/{rel}","templated":true}]}}