{"id":747,"date":"2018-06-15T17:31:11","date_gmt":"2018-06-15T20:31:11","guid":{"rendered":"http:\/\/www.encontrateresina.com\/sobre\/?page_id=747"},"modified":"2019-05-01T16:34:54","modified_gmt":"2019-05-01T19:34:54","slug":"semec-teresina","status":"publish","type":"page","link":"https:\/\/www.encontrateresina.com\/sobre\/semec-teresina\/","title":{"rendered":"Semec Teresina"},"content":{"rendered":"<div class=\"0a7f0342045e68db0e2c8d55d9616140\" data-index=\"1\" style=\"float: left; margin: 15px 15px 15px 0;\">\n<!-- EBR \/Novo-Bairro-Topo\/ 300x250 -->\r\n<ins class=\"adsbygoogle\"\r\n     style=\"display:inline-block;width:300px;height:250px\"\r\n     data-ad-client=\"ca-pub-6414922941841817\"\r\n     data-ad-slot=\"5351822287\"><\/ins>\r\n<script>\r\n(adsbygoogle = window.adsbygoogle || []).push({});\r\n<\/script>\n<\/div>\n<p>O ensino e a aprendizagem nas escolas p\u00fablicas municipais de Teresina cresce, renova-se e amplia-se.<\/p>\n<p>A prova est\u00e1 nos elevados \u00edndices de aprova\u00e7\u00e3o; no baixo percentual de reprova\u00e7\u00e3o; na redu\u00e7\u00e3o da distor\u00e7\u00e3o idade-s\u00e9rie e no vigoroso crescimento das vagas.<\/p>\n<p>Mais que tudo, est\u00e1 no reconhecimento p\u00fablico da comunidade teresinense, que confia \u00e0 <strong>Semec Teresina<\/strong> o futuro de seus filhos.<\/p>\n<p><img decoding=\"async\" loading=\"lazy\" class=\"alignnone wp-image-749 size-full\" title=\"Semec Teresina\" src=\"http:\/\/www.encontrateresina.com\/sobre\/wp-content\/uploads\/2018\/06\/semec-teresina.jpg\" alt=\"Semec Teresina\" width=\"680\" height=\"189\" srcset=\"https:\/\/www.encontrateresina.com\/sobre\/wp-content\/uploads\/2018\/06\/semec-teresina.jpg 680w, https:\/\/www.encontrateresina.com\/sobre\/wp-content\/uploads\/2018\/06\/semec-teresina-300x83.jpg 300w\" sizes=\"(max-width: 680px) 100vw, 680px\" \/><\/p>\n<p>Num renovar permanente do compromisso com a educa\u00e7\u00e3o de qualidade, atestada pelas medi\u00e7\u00f5es de rendimento e efetividade institu\u00eddas pelo Governo Federal, seja em compara\u00e7\u00e3o com o Nordeste brasileiro ou ainda com o conjunto do pa\u00eds.<\/p>\n<h2>Semec Teresina Contracheque<\/h2>\n<p>Se voc\u00ea \u00e9 um Servidor Municipal (ativo, inativo, aposentado ou pensionista) tem direito a consultar o Contra Cheque da Prefeitura de Salvador sempre que achar necess\u00e1rio.<\/p>\n<p>Para realizar o acesso voc\u00ea deve ter em m\u00e3os ou o n\u00famero da sua matr\u00edcula ou o n\u00famero do seu CPF.<br \/>\nVoc\u00ea ter\u00e1 acesso online \u00e0s informa\u00e7\u00f5es funcionais, como:<\/p>\n<ul>\n<li>Comprovante de rendimentos pagos;<\/li>\n<li>Holerites;<\/li>\n<li>Comprovante de imposto sobre renda retido na fonte.<\/li>\n<\/ul>\n<h3>Hor\u00e1rio de Funcionamento Semec Teresina<\/h3>\n<ul>\n<li>Segunda, quarta e quinta das 7h \u00e1s 17h \/ Ter\u00e7a e sexta das 7h \u00e1s 14h<\/li>\n<\/ul>\n<h3>Onde Fica, Endere\u00e7o e Telefone Semec Teresina<\/h3>\n<ul>\n<li>R. Areolino de Abreu, 1507 &#8211; Centro (Norte) &#8211; Teresina &#8211; PI<\/li>\n<li>Telefone: (86) 3215-7930<\/li>\n<\/ul>\n<h4>Outras informa\u00e7\u00f5es e site<\/h4>\n<ul>\n<li>Mais informa\u00e7\u00f5es: <a href=\"http:\/\/www.portalpmt.teresina.pi.gov.br\/lista_blog.php?tag=semec\" target=\"_blank\" rel=\"noopener noreferrer\">www.portalpmt.teresina.pi.gov.br<\/a><\/li>\n<\/ul>\n<h4>Mapa de localiza\u00e7\u00e3o<\/h4>\n<a class=\"wp-colorbox-iframe\" href=\"https:\/\/www.google.com\/maps\/embed?pb=!1m14!1m8!1m3!1d15896.402299355379!2d-42.812914!3d-5.087435!3m2!1i1024!2i768!4f13.1!3m3!1m2!1s0x00x9fafab79bd6ff7a1!2sSecretaria+municipal+de+educao+-+SEMEC+Teresina!5e0!3m2!1spt-BR!2sbr!4v1529090392455\"><img src=\"http:\/\/www.encontrabelohorizonte.com.br\/imgs\/maps-post.png\"><\/a>\n\n<div style=\"font-size: 0px; height: 0px; line-height: 0px; margin: 0; padding: 0; clear: both;\"><\/div>","protected":false},"excerpt":{"rendered":"<p>O ensino e a aprendizagem nas escolas p\u00fablicas municipais de Teresina cresce, renova-se e amplia-se. A prova est\u00e1 nos elevados \u00edndices de aprova\u00e7\u00e3o; no baixo percentual de reprova\u00e7\u00e3o; na redu\u00e7\u00e3o da distor\u00e7\u00e3o idade-s\u00e9rie e no vigoroso crescimento das vagas. Mais que tudo, est\u00e1 no reconhecimento p\u00fablico da comunidade teresinense, que confia \u00e0 Semec Teresina o futuro de seus filhos. Num renovar permanente do compromisso com a educa\u00e7\u00e3o de qualidade, atestada pelas medi\u00e7\u00f5es de rendimento e efetividade institu\u00eddas pelo Governo Federal, seja em compara\u00e7\u00e3o com o Nordeste brasileiro ou ainda com o conjunto do pa\u00eds. Semec Teresina Contracheque Se voc\u00ea \u00e9 <\/p>\n","protected":false},"author":1,"featured_media":0,"parent":0,"menu_order":0,"comment_status":"closed","ping_status":"closed","template":"","meta":[],"aioseo_notices":[],"_links":{"self":[{"href":"https:\/\/www.encontrateresina.com\/sobre\/wp-json\/wp\/v2\/pages\/747"}],"collection":[{"href":"https:\/\/www.encontrateresina.com\/sobre\/wp-json\/wp\/v2\/pages"}],"about":[{"href":"https:\/\/www.encontrateresina.com\/sobre\/wp-json\/wp\/v2\/types\/page"}],"author":[{"embeddable":true,"href":"https:\/\/www.encontrateresina.com\/sobre\/wp-json\/wp\/v2\/users\/1"}],"replies":[{"embeddable":true,"href":"https:\/\/www.encontrateresina.com\/sobre\/wp-json\/wp\/v2\/comments?post=747"}],"version-history":[{"count":0,"href":"https:\/\/www.encontrateresina.com\/sobre\/wp-json\/wp\/v2\/pages\/747\/revisions"}],"wp:attachment":[{"href":"https:\/\/www.encontrateresina.com\/sobre\/wp-json\/wp\/v2\/media?parent=747"}],"curies":[{"name":"wp","href":"https:\/\/api.w.org\/{rel}","templated":true}]}}