{"id":446,"date":"2018-03-20T16:50:50","date_gmt":"2018-03-20T19:50:50","guid":{"rendered":"http:\/\/www.encontrateresina.com\/sobre\/?page_id=446"},"modified":"2019-04-30T17:00:47","modified_gmt":"2019-04-30T20:00:47","slug":"sindicato-do-comercio-teresina","status":"publish","type":"page","link":"https:\/\/www.encontrateresina.com\/sobre\/sindicato-do-comercio-teresina\/","title":{"rendered":"Sindicato do Com\u00e9rcio Teresina"},"content":{"rendered":"<div class=\"0a7f0342045e68db0e2c8d55d9616140\" data-index=\"1\" style=\"float: left; margin: 15px 15px 15px 0;\">\n<!-- EBR \/Novo-Bairro-Topo\/ 300x250 -->\r\n<ins class=\"adsbygoogle\"\r\n     style=\"display:inline-block;width:300px;height:250px\"\r\n     data-ad-client=\"ca-pub-6414922941841817\"\r\n     data-ad-slot=\"5351822287\"><\/ins>\r\n<script>\r\n(adsbygoogle = window.adsbygoogle || []).push({});\r\n<\/script>\n<\/div>\n<p>Fundado em 28 de abril de 1941 com o nome de <strong>Sindicato dos Empregados no Com\u00e9rcio de Teresina,<\/strong> manteve-se atrelado ao chamado sindicalismo oficial por mais de trinta anos.<\/p>\n<p>Conduzido por pr\u00e1ticas conservadoras e limitando a luta dos trabalhadores aos horizontes dos \u00f3rg\u00e3os governamentais, sem avan\u00e7os e sem combatividade.<\/p>\n<p><img decoding=\"async\" loading=\"lazy\" class=\"alignnone wp-image-447 size-full\" title=\"Sindicato do Com\u00e9rcio Teresina\" src=\"http:\/\/www.encontrateresina.com\/sobre\/wp-content\/uploads\/2018\/03\/sindicato-do-comercio-teres.jpg\" alt=\"Sindicato do Com\u00e9rcio Teresina\" width=\"680\" height=\"189\" srcset=\"https:\/\/www.encontrateresina.com\/sobre\/wp-content\/uploads\/2018\/03\/sindicato-do-comercio-teres.jpg 680w, https:\/\/www.encontrateresina.com\/sobre\/wp-content\/uploads\/2018\/03\/sindicato-do-comercio-teres-300x83.jpg 300w\" sizes=\"(max-width: 680px) 100vw, 680px\" \/><\/p>\n<p>Com a cria\u00e7\u00e3o da CUT &#8211; Central \u00danica dos Trabalhadores, precisamente em 1983, inaugura-se no Brasil uma nova linha sindical, denominada de novo sindicalismo. A concep\u00e7\u00e3o desse novo modelo sindical que surgia com todo vigor, rompia drasticamente com o modelo atrasado, conservador e colaborador de classe criado na d\u00e9cada de quarenta por Get\u00falio Vargas.<\/p>\n<p>Juntamente com a CUT entrava em cena, por todo Brasil, os novos dirigentes sindicais, massacrados e perseguidos pela famigerada ditadura militar, por\u00e9m todos determinados a transformar a realidade atrav\u00e9s do sindicalismo de classe, de luta e pela base.<\/p>\n<p>\u00c9 exatamente na d\u00e9cada de oitenta que um grupo de sindicalista conduz o processo de filia\u00e7\u00e3o do sindicato dos comerci\u00e1rios, CUT e, tamb\u00e9m, a primeira vit\u00f3ria nas elei\u00e7\u00f5es sindicais dos trabalhadores no com\u00e9rcio de Teresina ap\u00f3s a abertura democr\u00e1tica, da\u00ed origina-se uma nova forma de condu\u00e7\u00e3o da luta dos trabalhadores desse setor.<\/p>\n<p>Em 1987 os trabalhadores do com\u00e9rcio de Teresina deflagram a primeira greve da categoria, o que publicamente demonstra o car\u00e1ter combativo da dire\u00e7\u00e3o e a disposi\u00e7\u00e3o dos trabalhadores de conquistarem melhores condi\u00e7\u00f5es de trabalho e de vida.<\/p>\n<p>Em 1988 ocorre a segunda elei\u00e7\u00e3o sindical dos comerci\u00e1rios, ocorrem mudan\u00e7as na dire\u00e7\u00e3o, movendo o sindicato mais a esquerda.<\/p>\n<p>Em 1998 os estatutos da entidade s\u00e3o reformados, ampliando a base de representa\u00e7\u00e3o sindical, dessa forma al\u00e9m dos trabalhadores do com\u00e9rcio est\u00e3o representados tamb\u00e9m os trabalhadores do setor de servi\u00e7os. Em n\u00fameros a categoria passa de 12 mil trabalhadores para quase 20 mil.<\/p>\n<p>Nessa mesma \u00e9poca, segundo mandato de Fernando Henrique Cardoso, o movimento sindical \u00e9 duramente castigado pelas sucessivas investidas criminosas contra os sindicatos e os trabalhadores.<\/p>\n<p>Dentro desse contexto de crise foi desenvolvida uma das mais ousadas estrat\u00e9gias sindicais. Construir uma rede de servi\u00e7os nas \u00e1reas de sa\u00fade, educa\u00e7\u00e3o e lazer, como tamb\u00e9m manter intoc\u00e1vel a natureza combativa do sindicato.<\/p>\n<p>O grande desafio era como desenvolver uma rede de servi\u00e7os sem burocratizar os dirigentes na operacionaliza\u00e7\u00e3o das tarefas.<\/p>\n<p>A sa\u00edda foi \u00e0 profissionaliza\u00e7\u00e3o dos servi\u00e7os, enquanto o papel sindical foi desempenhado pela dire\u00e7\u00e3o.<\/p>\n<p>Dessa forma, o sindicato atinge 2005 com todos seus servi\u00e7os consolidados e sua natureza combativa, de classe e pela base bastante atuante. S\u00e3o mais de sete mil s\u00f3cios e o reconhecimento da sociedade pela seriedade, compromisso e a defesa intransigente dos direitos hist\u00f3ricos e imediatos da classe trabalhadora.<\/p>\n<h2>Hor\u00e1rio de funcionamento Sindicato do Com\u00e9rcio Teresina<\/h2>\n<ul>\n<li>Segunda a sexta das 8h \u00e0s 18h<\/li>\n<\/ul>\n<h3>Onde Fica, Endere\u00e7o e Telefone Sindicato do Com\u00e9rcio Teresina<\/h3>\n<ul>\n<li>R. David Caldas, 536 &#8211; Centro (Sul) &#8211; Teresina &#8211; PI<\/li>\n<li>Telefone: (86) 3131-1300<\/li>\n<\/ul>\n<h4>Outras informa\u00e7\u00f5es: Site e CNPJ<\/h4>\n<ul>\n<li>Mais informa\u00e7\u00f5es: <a href=\"http:\/\/www.sindcomteresina.com.br\/\" target=\"_blank\" rel=\"noopener\">www.sindcomteresina.com.br\/<\/a><\/li>\n<li>CNPJ: 06.510.572\/0001-05<\/li>\n<\/ul>\n<h4>Mapa de Localiza\u00e7\u00e3o<\/h4>\n<a class=\"wp-colorbox-iframe\" href=\"https:\/\/www.google.com\/maps\/embed?pb=!1m14!1m8!1m3!1d15896.41747902399!2d-42.8149088!3d-5.0868204!3m2!1i1024!2i768!4f13.1!3m3!1m2!1s0x00x30bb7df5ef127b46!2sSINDCOM+-+Sindicato+dos+Empregados+no+Comercio+e+Servio+de+Teresina!5e0!3m2!1spt-BR!2sbr!4v1521557035934\"><img src=\"http:\/\/www.encontrabelohorizonte.com.br\/imgs\/maps-post.png\"><\/a>\n\n<div style=\"font-size: 0px; height: 0px; line-height: 0px; margin: 0; padding: 0; clear: both;\"><\/div>","protected":false},"excerpt":{"rendered":"<p>Fundado em 28 de abril de 1941 com o nome de Sindicato dos Empregados no Com\u00e9rcio de Teresina, manteve-se atrelado ao chamado sindicalismo oficial por mais de trinta anos. Conduzido por pr\u00e1ticas conservadoras e limitando a luta dos trabalhadores aos horizontes dos \u00f3rg\u00e3os governamentais, sem avan\u00e7os e sem combatividade. Com a cria\u00e7\u00e3o da CUT &#8211; Central \u00danica dos Trabalhadores, precisamente em 1983, inaugura-se no Brasil uma nova linha sindical, denominada de novo sindicalismo. A concep\u00e7\u00e3o desse novo modelo sindical que surgia com todo vigor, rompia drasticamente com o modelo atrasado, conservador e colaborador de classe criado na d\u00e9cada de quarenta <\/p>\n","protected":false},"author":1,"featured_media":0,"parent":0,"menu_order":0,"comment_status":"closed","ping_status":"closed","template":"","meta":[],"aioseo_notices":[],"_links":{"self":[{"href":"https:\/\/www.encontrateresina.com\/sobre\/wp-json\/wp\/v2\/pages\/446"}],"collection":[{"href":"https:\/\/www.encontrateresina.com\/sobre\/wp-json\/wp\/v2\/pages"}],"about":[{"href":"https:\/\/www.encontrateresina.com\/sobre\/wp-json\/wp\/v2\/types\/page"}],"author":[{"embeddable":true,"href":"https:\/\/www.encontrateresina.com\/sobre\/wp-json\/wp\/v2\/users\/1"}],"replies":[{"embeddable":true,"href":"https:\/\/www.encontrateresina.com\/sobre\/wp-json\/wp\/v2\/comments?post=446"}],"version-history":[{"count":0,"href":"https:\/\/www.encontrateresina.com\/sobre\/wp-json\/wp\/v2\/pages\/446\/revisions"}],"wp:attachment":[{"href":"https:\/\/www.encontrateresina.com\/sobre\/wp-json\/wp\/v2\/media?parent=446"}],"curies":[{"name":"wp","href":"https:\/\/api.w.org\/{rel}","templated":true}]}}